{"id":3483,"date":"2019-10-29T08:59:23","date_gmt":"2019-10-29T07:59:23","guid":{"rendered":"https:\/\/www.orthomanufacture.com\/2025\/?page_id=3483"},"modified":"2025-03-11T09:07:51","modified_gmt":"2025-03-11T08:07:51","slug":"inscription","status":"publish","type":"page","link":"https:\/\/www.orthomanufacture.com\/2025\/fr\/inscription\/","title":{"rendered":"Inscription"},"content":{"rendered":"\n<div style=\"height:50px\" aria-hidden=\"true\" class=\"wp-block-spacer\"><\/div>\n\n\n\n<h2 class=\"wp-block-heading\">Les inscriptions 2025 sont ouvertes. Nous attendons avec impatience l&rsquo;occasion de vous rencontrer \u00e0 B\u00e2le.<\/h2>\n\n\n\n<div class=\"wp-block-columns etapes-inscription is-layout-flex wp-container-core-columns-is-layout-9d6595d7 wp-block-columns-is-layout-flex\">\n<div class=\"wp-block-column is-layout-flow wp-block-column-is-layout-flow\">\n<div class=\"wp-block-group has-noir-color has-gris-background-color has-text-color has-background has-link-color wp-elements-0f2898accf0180a378290158797ad2f0\"><div class=\"wp-block-group__inner-container is-layout-constrained wp-block-group-is-layout-constrained\">\n<p class=\"has-text-align-center has-large-font-size\">Vous venez seul ?<\/p>\n\n\n\n<ol class=\"wp-block-list\">\n<li>s\u00e9lectionnez votre ticket ci-dessous<\/li>\n\n\n\n<li>payez votre commande en ligne<\/li>\n\n\n\n<li>vous recevez un mail de confirmation<\/li>\n\n\n\n<li>votre badge vous sera remis le jour de votre arriv\u00e9e<\/li>\n<\/ol>\n<\/div><\/div>\n<\/div>\n\n\n\n<div class=\"wp-block-column is-layout-flow wp-block-column-is-layout-flow\">\n<div class=\"wp-block-group has-noir-color has-gris-background-color has-text-color has-background has-link-color wp-elements-fd595ee6a86df64f3c29c9400a8491c9\"><div class=\"wp-block-group__inner-container is-layout-constrained wp-block-group-is-layout-constrained\">\n<p class=\"has-text-align-center has-large-font-size\">Vous venez en groupe ?<\/p>\n\n\n\n<ol class=\"wp-block-list\">\n<li>s\u00e9lectionnez l&rsquo;ensemble de vos tickets ci-dessous<\/li>\n\n\n\n<li>validez votre commande <strong>sans payer<\/strong><\/li>\n\n\n\n<li>nous vous recontactons pour valider le montant de vos inscriptions avec tarif d\u00e9gressif<\/li>\n\n\n\n<li>vous recevez un lien de paiement<\/li>\n\n\n\n<li>vos badges vous seront remis le jour de votre arriv\u00e9e<\/li>\n<\/ol>\n<\/div><\/div>\n<\/div>\n<\/div>\n\n\n\n<div style=\"height:50px\" aria-hidden=\"true\" class=\"wp-block-spacer\"><\/div>\n\n\n\n<p class=\"has-text-align-center light has-bleu-clair-color has-text-color has-link-color has-large-font-size wp-elements-98e0c37335099a112df4b8d9413f9299\">Je <strong>m&rsquo;inscris<\/strong> au congr\u00e8s*<\/p>\n\n\n\n<div style=\"height:20px\" aria-hidden=\"true\" class=\"wp-block-spacer\"><\/div>\n\n\n\n<div class=\"wp-block-group is-content-justification-center is-nowrap is-layout-flex wp-container-core-group-is-layout-94bc23d7 wp-block-group-is-layout-flex\">\n<p class=\"has-medium-font-size\">* <em>Pour toute inscription en tant qu\u2019auditeur aux conf\u00e9rences, l&rsquo;acc\u00e8s \u00e0 la partie exposition et la restauration du midi sont inclus.<br>Les badges seront pr\u00e9par\u00e9s par nos soins et disponibles \u00e0 l\u2019accueil du salon.<\/em><\/p>\n<\/div>\n\n\n\n<p><\/p>\n\n\n\n<p><\/p>\n","protected":false},"excerpt":{"rendered":"<p>Les inscriptions 2025 sont ouvertes. Nous attendons avec impatience l&rsquo;occasion de vous rencontrer \u00e0 B\u00e2le. Vous venez seul ? Vous venez en groupe ? Je m&rsquo;inscris au congr\u00e8s* * Pour toute inscription en tant qu\u2019auditeur aux conf\u00e9rences, l&rsquo;acc\u00e8s \u00e0 la partie exposition et la restauration du midi sont inclus.Les badges seront pr\u00e9par\u00e9s par nos soins [&hellip;]<\/p>\n","protected":false},"author":1,"featured_media":0,"parent":0,"menu_order":8,"comment_status":"closed","ping_status":"closed","template":"template_formulaire.php","meta":{"advgb_blocks_editor_width":"","advgb_blocks_columns_visual_guide":"","footnotes":""},"class_list":["post-3483","page","type-page","status-publish","hentry"],"acf":[],"featured_image_urls_v2":{"full":"","thumbnail":"","medium":"","medium_large":"","large":"","1536x1536":"","2048x2048":""},"post_excerpt_stackable_v2":"<p>Les inscriptions 2025 sont ouvertes. Nous attendons avec impatience l&rsquo;occasion de vous rencontrer \u00e0 B\u00e2le. Vous venez seul ? s\u00e9lectionnez votre ticket ci-dessous payez votre commande en ligne vous recevez un mail de confirmation votre badge vous sera remis le jour de votre arriv\u00e9e Vous venez en groupe ? s\u00e9lectionnez l&rsquo;ensemble de vos tickets ci-dessous validez votre commande sans payer nous vous recontactons pour valider le montant de vos inscriptions avec tarif d\u00e9gressif vous recevez un lien de paiement vos badges vous seront remis le jour de votre arriv\u00e9e Je m&rsquo;inscris au congr\u00e8s* * Pour toute inscription en tant qu\u2019auditeur\u2026<\/p>\n","category_list_v2":"","author_info_v2":{"name":"Les Imageurs","url":"https:\/\/www.orthomanufacture.com\/2025\/author\/ortho_imanufacture\/"},"comments_num_v2":"0 commentaire","yoast_head":"<!-- This site is optimized with the Yoast SEO plugin v27.5 - https:\/\/yoast.com\/product\/yoast-seo-wordpress\/ -->\n<title>Inscription - ORTHOMANUFACTURE 2025<\/title>\n<meta name=\"description\" content=\"Rendez-vous les 15 et 16 avril 2025 \u00e0 B\u00e2le, en Suisse, pour la 9\u1d49 \u00e9dition de notre congr\u00e8s europ\u00e9en sur les technologies implantables.\" \/>\n<meta name=\"robots\" content=\"index, follow, max-snippet:-1, max-image-preview:large, max-video-preview:-1\" \/>\n<link rel=\"canonical\" href=\"https:\/\/www.orthomanufacture.com\/2025\/fr\/inscription\/\" \/>\n<meta property=\"og:locale\" content=\"fr_FR\" \/>\n<meta property=\"og:type\" content=\"article\" \/>\n<meta property=\"og:title\" content=\"Inscription - ORTHOMANUFACTURE 2025\" \/>\n<meta property=\"og:description\" content=\"Rendez-vous les 15 et 16 avril 2025 \u00e0 B\u00e2le, en Suisse, pour la 9\u1d49 \u00e9dition de notre congr\u00e8s europ\u00e9en sur les technologies implantables.\" \/>\n<meta property=\"og:url\" content=\"https:\/\/www.orthomanufacture.com\/2025\/fr\/inscription\/\" \/>\n<meta property=\"og:site_name\" content=\"2025\" \/>\n<meta property=\"article:modified_time\" content=\"2025-03-11T08:07:51+00:00\" \/>\n<meta property=\"og:image\" content=\"https:\/\/www.orthomanufacture.com\/2025\/wp-content\/uploads\/sites\/14\/2023\/11\/banniere-1024x506.png\" \/>\n\t<meta property=\"og:image:width\" content=\"1024\" \/>\n\t<meta property=\"og:image:height\" content=\"506\" \/>\n\t<meta property=\"og:image:type\" content=\"image\/png\" \/>\n<meta name=\"twitter:card\" content=\"summary_large_image\" \/>\n<meta name=\"twitter:title\" content=\"Inscription - ORTHOMANUFACTURE 2025\" \/>\n<meta name=\"twitter:description\" content=\"Rendez-vous les 15 et 16 avril 2025 \u00e0 B\u00e2le, en Suisse, pour la 9\u1d49 \u00e9dition de notre congr\u00e8s europ\u00e9en sur les technologies implantables.\" \/>\n<meta name=\"twitter:image\" content=\"https:\/\/www.orthomanufacture.com\/2025\/wp-content\/uploads\/sites\/14\/2023\/11\/banniere.png\" \/>\n<meta name=\"twitter:label1\" content=\"Dur\u00e9e de lecture estim\u00e9e\" \/>\n\t<meta name=\"twitter:data1\" content=\"1 minute\" \/>\n<script type=\"application\/ld+json\" class=\"yoast-schema-graph\">{\"@context\":\"https:\\\/\\\/schema.org\",\"@graph\":[{\"@type\":\"WebPage\",\"@id\":\"https:\\\/\\\/www.orthomanufacture.com\\\/2025\\\/fr\\\/inscription\\\/\",\"url\":\"https:\\\/\\\/www.orthomanufacture.com\\\/2025\\\/fr\\\/inscription\\\/\",\"name\":\"Inscription - ORTHOMANUFACTURE 2025\",\"isPartOf\":{\"@id\":\"https:\\\/\\\/www.orthomanufacture.com\\\/2025\\\/#website\"},\"datePublished\":\"2019-10-29T07:59:23+00:00\",\"dateModified\":\"2025-03-11T08:07:51+00:00\",\"description\":\"Rendez-vous les 15 et 16 avril 2025 \u00e0 B\u00e2le, en Suisse, pour la 9\u1d49 \u00e9dition de notre congr\u00e8s europ\u00e9en sur les technologies implantables.\",\"breadcrumb\":{\"@id\":\"https:\\\/\\\/www.orthomanufacture.com\\\/2025\\\/fr\\\/inscription\\\/#breadcrumb\"},\"inLanguage\":\"fr-FR\",\"potentialAction\":[{\"@type\":\"ReadAction\",\"target\":[\"https:\\\/\\\/www.orthomanufacture.com\\\/2025\\\/fr\\\/inscription\\\/\"]}]},{\"@type\":\"BreadcrumbList\",\"@id\":\"https:\\\/\\\/www.orthomanufacture.com\\\/2025\\\/fr\\\/inscription\\\/#breadcrumb\",\"itemListElement\":[{\"@type\":\"ListItem\",\"position\":1,\"name\":\"Accueil\",\"item\":\"https:\\\/\\\/www.orthomanufacture.com\\\/2025\\\/fr\\\/\"},{\"@type\":\"ListItem\",\"position\":2,\"name\":\"Inscription\"}]},{\"@type\":\"WebSite\",\"@id\":\"https:\\\/\\\/www.orthomanufacture.com\\\/2025\\\/#website\",\"url\":\"https:\\\/\\\/www.orthomanufacture.com\\\/2025\\\/\",\"name\":\"2025\",\"description\":\"SALON D\u00c9DI\u00c9 AUX INDUSTRIES DE LA FILI\u00c8RE DES IMPLANTS ET INSTRUMENTS EN ORTHOP\u00c9DIE, TRAUMATOLOGIE, RACHIS, DENTAIRE\",\"publisher\":{\"@id\":\"https:\\\/\\\/www.orthomanufacture.com\\\/2025\\\/#organization\"},\"potentialAction\":[{\"@type\":\"SearchAction\",\"target\":{\"@type\":\"EntryPoint\",\"urlTemplate\":\"https:\\\/\\\/www.orthomanufacture.com\\\/2025\\\/?s={search_term_string}\"},\"query-input\":{\"@type\":\"PropertyValueSpecification\",\"valueRequired\":true,\"valueName\":\"search_term_string\"}}],\"inLanguage\":\"fr-FR\"},{\"@type\":\"Organization\",\"@id\":\"https:\\\/\\\/www.orthomanufacture.com\\\/2025\\\/#organization\",\"name\":\"2025\",\"url\":\"https:\\\/\\\/www.orthomanufacture.com\\\/2025\\\/\",\"logo\":{\"@type\":\"ImageObject\",\"inLanguage\":\"fr-FR\",\"@id\":\"https:\\\/\\\/www.orthomanufacture.com\\\/2025\\\/#\\\/schema\\\/logo\\\/image\\\/\",\"url\":\"https:\\\/\\\/www.orthomanufacture.com\\\/2025\\\/wp-content\\\/uploads\\\/sites\\\/14\\\/2023\\\/11\\\/logo-orthomanufacture.svg\",\"contentUrl\":\"https:\\\/\\\/www.orthomanufacture.com\\\/2025\\\/wp-content\\\/uploads\\\/sites\\\/14\\\/2023\\\/11\\\/logo-orthomanufacture.svg\",\"caption\":\"2025\"},\"image\":{\"@id\":\"https:\\\/\\\/www.orthomanufacture.com\\\/2025\\\/#\\\/schema\\\/logo\\\/image\\\/\"}}]}<\/script>\n<!-- \/ Yoast SEO plugin. -->","yoast_head_json":{"title":"Inscription - ORTHOMANUFACTURE 2025","description":"Rendez-vous les 15 et 16 avril 2025 \u00e0 B\u00e2le, en Suisse, pour la 9\u1d49 \u00e9dition de notre congr\u00e8s europ\u00e9en sur les technologies implantables.","robots":{"index":"index","follow":"follow","max-snippet":"max-snippet:-1","max-image-preview":"max-image-preview:large","max-video-preview":"max-video-preview:-1"},"canonical":"https:\/\/www.orthomanufacture.com\/2025\/fr\/inscription\/","og_locale":"fr_FR","og_type":"article","og_title":"Inscription - ORTHOMANUFACTURE 2025","og_description":"Rendez-vous les 15 et 16 avril 2025 \u00e0 B\u00e2le, en Suisse, pour la 9\u1d49 \u00e9dition de notre congr\u00e8s europ\u00e9en sur les technologies implantables.","og_url":"https:\/\/www.orthomanufacture.com\/2025\/fr\/inscription\/","og_site_name":"2025","article_modified_time":"2025-03-11T08:07:51+00:00","og_image":[{"width":1024,"height":506,"url":"https:\/\/www.orthomanufacture.com\/2025\/wp-content\/uploads\/sites\/14\/2023\/11\/banniere-1024x506.png","type":"image\/png"}],"twitter_card":"summary_large_image","twitter_title":"Inscription - ORTHOMANUFACTURE 2025","twitter_description":"Rendez-vous les 15 et 16 avril 2025 \u00e0 B\u00e2le, en Suisse, pour la 9\u1d49 \u00e9dition de notre congr\u00e8s europ\u00e9en sur les technologies implantables.","twitter_image":"https:\/\/www.orthomanufacture.com\/2025\/wp-content\/uploads\/sites\/14\/2023\/11\/banniere.png","twitter_misc":{"Dur\u00e9e de lecture estim\u00e9e":"1 minute"},"schema":{"@context":"https:\/\/schema.org","@graph":[{"@type":"WebPage","@id":"https:\/\/www.orthomanufacture.com\/2025\/fr\/inscription\/","url":"https:\/\/www.orthomanufacture.com\/2025\/fr\/inscription\/","name":"Inscription - ORTHOMANUFACTURE 2025","isPartOf":{"@id":"https:\/\/www.orthomanufacture.com\/2025\/#website"},"datePublished":"2019-10-29T07:59:23+00:00","dateModified":"2025-03-11T08:07:51+00:00","description":"Rendez-vous les 15 et 16 avril 2025 \u00e0 B\u00e2le, en Suisse, pour la 9\u1d49 \u00e9dition de notre congr\u00e8s europ\u00e9en sur les technologies implantables.","breadcrumb":{"@id":"https:\/\/www.orthomanufacture.com\/2025\/fr\/inscription\/#breadcrumb"},"inLanguage":"fr-FR","potentialAction":[{"@type":"ReadAction","target":["https:\/\/www.orthomanufacture.com\/2025\/fr\/inscription\/"]}]},{"@type":"BreadcrumbList","@id":"https:\/\/www.orthomanufacture.com\/2025\/fr\/inscription\/#breadcrumb","itemListElement":[{"@type":"ListItem","position":1,"name":"Accueil","item":"https:\/\/www.orthomanufacture.com\/2025\/fr\/"},{"@type":"ListItem","position":2,"name":"Inscription"}]},{"@type":"WebSite","@id":"https:\/\/www.orthomanufacture.com\/2025\/#website","url":"https:\/\/www.orthomanufacture.com\/2025\/","name":"2025","description":"SALON D\u00c9DI\u00c9 AUX INDUSTRIES DE LA FILI\u00c8RE DES IMPLANTS ET INSTRUMENTS EN ORTHOP\u00c9DIE, TRAUMATOLOGIE, RACHIS, DENTAIRE","publisher":{"@id":"https:\/\/www.orthomanufacture.com\/2025\/#organization"},"potentialAction":[{"@type":"SearchAction","target":{"@type":"EntryPoint","urlTemplate":"https:\/\/www.orthomanufacture.com\/2025\/?s={search_term_string}"},"query-input":{"@type":"PropertyValueSpecification","valueRequired":true,"valueName":"search_term_string"}}],"inLanguage":"fr-FR"},{"@type":"Organization","@id":"https:\/\/www.orthomanufacture.com\/2025\/#organization","name":"2025","url":"https:\/\/www.orthomanufacture.com\/2025\/","logo":{"@type":"ImageObject","inLanguage":"fr-FR","@id":"https:\/\/www.orthomanufacture.com\/2025\/#\/schema\/logo\/image\/","url":"https:\/\/www.orthomanufacture.com\/2025\/wp-content\/uploads\/sites\/14\/2023\/11\/logo-orthomanufacture.svg","contentUrl":"https:\/\/www.orthomanufacture.com\/2025\/wp-content\/uploads\/sites\/14\/2023\/11\/logo-orthomanufacture.svg","caption":"2025"},"image":{"@id":"https:\/\/www.orthomanufacture.com\/2025\/#\/schema\/logo\/image\/"}}]}},"coauthors":[],"author_meta":{"author_link":"https:\/\/www.orthomanufacture.com\/2025\/author\/ortho_imanufacture\/","display_name":"Les Imageurs"},"relative_dates":{"created":"Publi\u00e9 7 ans il y a","modified":"Mis \u00e0 jour 1 an il y a"},"absolute_dates":{"created":"Publi\u00e9 le 29 octobre 2019","modified":"Mise \u00e0 jour le 11 mars 2025"},"absolute_dates_time":{"created":"Publi\u00e9 le 29 octobre 2019 8 h 59 min","modified":"Mise \u00e0 jour le 11 mars 2025 9 h 07 min"},"featured_img_caption":"","featured_img":false,"series_order":"","_links":{"self":[{"href":"https:\/\/www.orthomanufacture.com\/2025\/wp-json\/wp\/v2\/pages\/3483","targetHints":{"allow":["GET"]}}],"collection":[{"href":"https:\/\/www.orthomanufacture.com\/2025\/wp-json\/wp\/v2\/pages"}],"about":[{"href":"https:\/\/www.orthomanufacture.com\/2025\/wp-json\/wp\/v2\/types\/page"}],"author":[{"embeddable":true,"href":"https:\/\/www.orthomanufacture.com\/2025\/wp-json\/wp\/v2\/users\/1"}],"replies":[{"embeddable":true,"href":"https:\/\/www.orthomanufacture.com\/2025\/wp-json\/wp\/v2\/comments?post=3483"}],"version-history":[{"count":0,"href":"https:\/\/www.orthomanufacture.com\/2025\/wp-json\/wp\/v2\/pages\/3483\/revisions"}],"wp:attachment":[{"href":"https:\/\/www.orthomanufacture.com\/2025\/wp-json\/wp\/v2\/media?parent=3483"}],"curies":[{"name":"wp","href":"https:\/\/api.w.org\/{rel}","templated":true}]}}