{"id":6744,"date":"2023-11-10T18:33:06","date_gmt":"2023-11-10T17:33:06","guid":{"rendered":"https:\/\/www.orthomanufacture.com\/2024\/?page_id=6744"},"modified":"2023-11-10T18:33:07","modified_gmt":"2023-11-10T17:33:07","slug":"privacy-policy-de","status":"publish","type":"page","link":"https:\/\/www.orthomanufacture.com\/2024\/de\/privacy-policy-de\/","title":{"rendered":"Privacy policy"},"content":{"rendered":"\n<div style=\"height:60px\" aria-hidden=\"true\" class=\"wp-block-spacer advgb-dyn-377da97f\"><\/div>\n\n\n\n<h2 class=\"wp-block-heading\"><strong>ORTHOMANUFACTURE<\/strong><\/h2>\n\n\n\n<p>This confidentiality policy applies to the \u00ab\u00a0https:\/\/www.orthomanufacture.com\/2024\/\u00a0\u00bb site. The following text explains the categories of data collected by ORTHOMANUFACTURE, how they are processed, the internal and external parties involved, how long they are kept, where they are kept and how they can be consulted. By using our site, you consent to the practices described on this page.<\/p>\n\n\n\n<div style=\"height:20px\" aria-hidden=\"true\" class=\"wp-block-spacer advgb-dyn-af21a01c\"><\/div>\n\n\n\n<h3 class=\"wp-block-heading advgb-dyn-eb14086d\"><strong>What data is processed by ORTHOMANUFACTURE?\n<\/strong><\/h3>\n\n\n\n<p>When you fill in forms, visit pages on the website or send us correspondence, we are likely to collect certain data. You are free to explore our site without providing any information about yourself.<\/p>\n\n\n\n<div style=\"height:20px\" aria-hidden=\"true\" class=\"wp-block-spacer advgb-dyn-af21a01c\"><\/div>\n\n\n\n<h3 class=\"wp-block-heading advgb-dyn-93245b15\">Personal information<\/h3>\n\n\n\n<p>When you submit the contact form, ORTHOMANUFACTURE may store: your surname, first name, e-mail address and telephone number.\nThe form can only be validated if you have ticked the box certifying that you have read our confidentiality policy and agree to be contacted if you have any questions.<\/p>\n\n\n\n<div style=\"height:20px\" aria-hidden=\"true\" class=\"wp-block-spacer advgb-dyn-af21a01c\"><\/div>\n\n\n\n<h3 class=\"wp-block-heading advgb-dyn-54696e0f\"><strong>How do we use your data?<\/strong><\/h3>\n\n\n\n<p>ORTHOMANUFACTURE uses your data to manage its customer\/prospect relations. Their purpose is to facilitate the follow-up of assignments that have been entrusted to the company and\/or to send news and information that may be of interest to you.<\/p>\n\n\n\n<div style=\"height:20px\" aria-hidden=\"true\" class=\"wp-block-spacer advgb-dyn-af21a01c\"><\/div>\n\n\n\n<h3 class=\"wp-block-heading advgb-dyn-bca6c44c\">Browsing information (cookies)<\/h3>\n\n\n\n<p>ORTHOMANUFACTURE does not collect any personal data when you browse this site. Your IP address is completely anonymised and it is impossible to geolocate you.\nThe only data we store is :\n<\/p>\n\n\n\n<ul class=\"wp-block-list\">\n<li>the source of your visit (search engines, social networks, links, etc.)<\/li>\n\n\n\n<li>your visit to the site (pages viewed, length of time spent on the site, etc.)<\/li>\n\n\n\n<li>the hardware used (support, browser, size of your screen).<\/li>\n<\/ul>\n\n\n\n<p>We therefore consider that the cookies added to your computer are necessary for the proper operation of the site and for the ergonomics of the site during your visit.<\/p>\n\n\n\n<p>However, you can block the collection of cookies during your browsing. To do this, you need to change your browser settings. The setting for cookies is generally found in the \u00ab\u00a0Options\u00a0\u00bb or \u00ab\u00a0Preferences\u00a0\u00bb menu of your Internet browser. The following links will help you understand how to adjust these settings:\n<\/p>\n\n\n\n<ul class=\"wp-block-list\">\n<li><a href=\"https:\/\/support.microsoft.com\/fr-fr\/help\/17442\/windows-internet-explorer-delete-manage-cookies\" target=\"_blank\" rel=\"noreferrer noopener\"><em>Cookie settings in Internet Explorer<\/em><\/a><\/li>\n\n\n\n<li><a href=\"https:\/\/support.mozilla.org\/fr\/kb\/activer-desactiver-cookies-preferences\" target=\"_blank\" rel=\"noreferrer noopener\"><em>Cookie settings in Firefox<\/em><\/a><\/li>\n\n\n\n<li><a href=\"https:\/\/support.google.com\/chrome\/answer\/95647\" target=\"_blank\" rel=\"noreferrer noopener\"><em>Cookie settings in Chrome<\/em><\/a><\/li>\n\n\n\n<li><a href=\"https:\/\/support.apple.com\/kb\/ph21411?locale=fr_FR\" target=\"_blank\" rel=\"noreferrer noopener\"><em>Safari cookie settings<\/em><\/a><\/li>\n<\/ul>\n\n\n\n<div style=\"height:20px\" aria-hidden=\"true\" class=\"wp-block-spacer advgb-dyn-af21a01c\"><\/div>\n\n\n\n<h3 class=\"wp-block-heading advgb-dyn-4b5269bc\"><strong>Cookies used<\/strong><\/h3>\n\n\n\n<p>Our website uses cookies to ensure that certain parts of the website function correctly and that your preferences as a user are taken into account. These so-called \u00ab\u00a0functional\u00a0\u00bb cookies do not require your consent.<\/p>\n\n\n\n<figure class=\"wp-block-table\"><table><tbody><tr><td><strong>Name of provider<\/strong><\/td><td><strong>Name of cookie<\/strong><\/td><td><strong>Retention period<\/strong><\/td><td><strong>Purpose<\/strong><\/td><\/tr><tr><td>ORTHOMANUFACTURE<\/td><td>_pk_id.nnnn<\/td><td>13 months<\/td><td>Stores your unique visit identifier<\/td><\/tr><tr><td>ORTHOMANUFACTURE<\/td><td>_pk_ref.nnnn&nbsp;<\/td><td>6 months<\/td><td>Records the means by which you arrived on the site<\/td><\/tr><tr><td>ORTHOMANUFACTURE<\/td><td>_pk_ses.nnnn&nbsp;&nbsp;<\/td><td>30 minutes<\/td><td>Allows temporary storage of your visit data<\/td><\/tr><tr><td>ORTHOMANUFACTURE<\/td><td>hasConsent<\/td><td>7 days<\/td><td>Allows you to stop displaying the Cookies popup<\/td><\/tr><\/tbody><\/table><\/figure>\n\n\n\n<div style=\"height:20px\" aria-hidden=\"true\" class=\"wp-block-spacer advgb-dyn-af21a01c\"><\/div>\n\n\n\n<h3 class=\"wp-block-heading advgb-dyn-a51e6543\"><strong>Who has access to your data?<\/strong><\/h3>\n\n\n\n<p>Internal ORTHOMANUFACTURE staff have access to your data.<\/p>\n\n\n\n<p>Subject to the user&rsquo;s contraindication, we may also be asked to pass on your data to our partners in order to carry out the tasks you have entrusted to us. These people may contact you directly using the contact details you have given us. They are not authorised to use your personal information other than for these purposes, and are required to keep it confidential.<\/p>\n\n\n\n<div style=\"height:20px\" aria-hidden=\"true\" class=\"wp-block-spacer advgb-dyn-af21a01c\"><\/div>\n\n\n\n<h3 class=\"wp-block-heading advgb-dyn-96dbc8af\"><strong>Where is your data stored?<\/strong><\/h3>\n\n\n\n<p>We use various security procedures to ensure the best possible protection for your personal data. Your data is stored in a secure, controlled data centre protected against unauthorised access. We also use the SSL encryption protocol on all pages of the https:\/\/www.orthomanufacture.com\/2024\/ website.<\/p>\n\n\n\n<p>The aim of these measures is to minimise the risk of unauthorised access to your data. However, there is no such thing as zero risk.<\/p>\n\n\n\n<div style=\"height:20px\" aria-hidden=\"true\" class=\"wp-block-spacer advgb-dyn-af21a01c\"><\/div>\n\n\n\n<h3 class=\"wp-block-heading advgb-dyn-9a8941a0\"><strong>How long is your data kept?<\/strong><\/h3>\n\n\n\n<p>In order to respond as effectively as possible to the tasks entrusted to us, ORTHOMANUFACTURE retains your data until the purpose for which it was collected has been fulfilled. Thereafter, your data will be deleted from our database. Navigation data (cookies) will be kept for 13 months, in accordance with regulations. Personal data will be kept for a maximum of 24 months, the retention period used to manage prospecting or commercial relations.<\/p>\n\n\n\n<p>You have the right to rectify, forget and delete your personal data at any time.\nHow can you access your data?<\/p>\n\n\n\n<div style=\"height:20px\" aria-hidden=\"true\" class=\"wp-block-spacer advgb-dyn-af21a01c\"><\/div>\n\n\n\n<h3 class=\"wp-block-heading advgb-dyn-0788f21c\"><strong>Comment pouvez-vous acc\u00e9der \u00e0 vos donn\u00e9es ?<\/strong><\/h3>\n\n\n\n<p>If you identify an error in your personal data, or if you consider them to be incomplete or inappropriate, you can ask us to correct, complete or delete them. You can contact us by e-mail (contact@orthomanufacture.com), or by post at 10, Rue du G\u00e9n\u00e9ral Leclerc 95380 PUISEUX EN FRANCE to ask us to take the necessary action.\nHow can I unsubscribe from our communications?<\/p>\n\n\n\n<div style=\"height:20px\" aria-hidden=\"true\" class=\"wp-block-spacer advgb-dyn-af21a01c\"><\/div>\n\n\n\n<h3 class=\"wp-block-heading advgb-dyn-54394d93\"><strong>How can I unsubscribe from our communications?<\/strong><\/h3>\n\n\n\n<p>You can unsubscribe from our emails at any time by clicking on the \u00ab\u00a0Modify your preferences\u00a0\u00bb or \u00ab\u00a0Unsubscribe from all lists\u00a0\u00bb links. You will find these links at the bottom of all our marketing and sales e-mails. You can also ask us by e-mail (contact@orthomanufacture.com), or by post at 10, Rue du G\u00e9n\u00e9ral Leclerc 95380 PUISEUX EN FRANCE. We will continue to send you e-mails unless you change your mind or notify us otherwise.<\/p>\n\n\n\n<div style=\"height:60px\" aria-hidden=\"true\" class=\"wp-block-spacer advgb-dyn-377da97f\"><\/div>\n","protected":false},"excerpt":{"rendered":"<p>ORTHOMANUFACTURE This confidentiality policy applies to the \u00ab\u00a0https:\/\/www.orthomanufacture.com\/2024\/\u00a0\u00bb site. The following text explains the categories of data collected by ORTHOMANUFACTURE, how they are processed, the internal and external parties involved, how long they are kept, where they are kept and how they can be consulted. By using our site, you consent to the practices described [&hellip;]<\/p>\n","protected":false},"author":1,"featured_media":0,"parent":0,"menu_order":2,"comment_status":"closed","ping_status":"closed","template":"","meta":{"advgb_blocks_editor_width":"","advgb_blocks_columns_visual_guide":"","footnotes":""},"class_list":["post-6744","page","type-page","status-publish","hentry"],"featured_image_urls_v2":{"full":"","thumbnail":"","medium":"","medium_large":"","large":"","1536x1536":"","2048x2048":"","woocommerce_thumbnail":"","woocommerce_single":"","woocommerce_gallery_thumbnail":""},"post_excerpt_stackable_v2":"<p>ORTHOMANUFACTURE This confidentiality policy applies to the \u00ab\u00a0https:\/\/www.orthomanufacture.com\/2024\/\u00a0\u00bb site. The following text explains the categories of data collected by ORTHOMANUFACTURE, how they are processed, the internal and external parties involved, how long they are kept, where they are kept and how they can be consulted. By using our site, you consent to the practices described on this page. What data is processed by ORTHOMANUFACTURE? When you fill in forms, visit pages on the website or send us correspondence, we are likely to collect certain data. You are free to explore our site without providing any information about yourself. Personal information\u2026<\/p>\n","category_list_v2":"","author_info_v2":{"name":"Les Imageurs","url":"https:\/\/www.orthomanufacture.com\/2024\/author\/ortho_imanufacture\/"},"comments_num_v2":"0 commentaire","acf":[],"yoast_head":"<!-- This site is optimized with the Yoast SEO plugin v27.5 - https:\/\/yoast.com\/product\/yoast-seo-wordpress\/ -->\n<title>Privacy policy - 2024<\/title>\n<meta name=\"robots\" content=\"index, follow, max-snippet:-1, max-image-preview:large, max-video-preview:-1\" \/>\n<link rel=\"canonical\" href=\"https:\/\/www.orthomanufacture.com\/2024\/de\/privacy-policy-de\/\" \/>\n<meta property=\"og:locale\" content=\"fr_FR\" \/>\n<meta property=\"og:type\" content=\"article\" \/>\n<meta property=\"og:title\" content=\"Privacy policy - 2024\" \/>\n<meta property=\"og:description\" content=\"ORTHOMANUFACTURE This confidentiality policy applies to the \u00ab\u00a0https:\/\/www.orthomanufacture.com\/2024\/\u00a0\u00bb site. The following text explains the categories of data collected by ORTHOMANUFACTURE, how they are processed, the internal and external parties involved, how long they are kept, where they are kept and how they can be consulted. By using our site, you consent to the practices described [&hellip;]\" \/>\n<meta property=\"og:url\" content=\"https:\/\/www.orthomanufacture.com\/2024\/de\/privacy-policy-de\/\" \/>\n<meta property=\"og:site_name\" content=\"2024\" \/>\n<meta property=\"article:modified_time\" content=\"2023-11-10T17:33:07+00:00\" \/>\n<meta name=\"twitter:card\" content=\"summary_large_image\" \/>\n<meta name=\"twitter:label1\" content=\"Dur\u00e9e de lecture estim\u00e9e\" \/>\n\t<meta name=\"twitter:data1\" content=\"5 minutes\" \/>\n<script type=\"application\/ld+json\" class=\"yoast-schema-graph\">{\"@context\":\"https:\\\/\\\/schema.org\",\"@graph\":[{\"@type\":\"WebPage\",\"@id\":\"https:\\\/\\\/www.orthomanufacture.com\\\/2024\\\/de\\\/privacy-policy-de\\\/\",\"url\":\"https:\\\/\\\/www.orthomanufacture.com\\\/2024\\\/de\\\/privacy-policy-de\\\/\",\"name\":\"Privacy policy - 2024\",\"isPartOf\":{\"@id\":\"https:\\\/\\\/www.orthomanufacture.com\\\/2024\\\/#website\"},\"datePublished\":\"2023-11-10T17:33:06+00:00\",\"dateModified\":\"2023-11-10T17:33:07+00:00\",\"breadcrumb\":{\"@id\":\"https:\\\/\\\/www.orthomanufacture.com\\\/2024\\\/de\\\/privacy-policy-de\\\/#breadcrumb\"},\"inLanguage\":\"fr-FR\",\"potentialAction\":[{\"@type\":\"ReadAction\",\"target\":[\"https:\\\/\\\/www.orthomanufacture.com\\\/2024\\\/de\\\/privacy-policy-de\\\/\"]}]},{\"@type\":\"BreadcrumbList\",\"@id\":\"https:\\\/\\\/www.orthomanufacture.com\\\/2024\\\/de\\\/privacy-policy-de\\\/#breadcrumb\",\"itemListElement\":[{\"@type\":\"ListItem\",\"position\":1,\"name\":\"Accueil\",\"item\":\"https:\\\/\\\/www.orthomanufacture.com\\\/2024\\\/fr\\\/\"},{\"@type\":\"ListItem\",\"position\":2,\"name\":\"Privacy policy\"}]},{\"@type\":\"WebSite\",\"@id\":\"https:\\\/\\\/www.orthomanufacture.com\\\/2024\\\/#website\",\"url\":\"https:\\\/\\\/www.orthomanufacture.com\\\/2024\\\/\",\"name\":\"2024\",\"description\":\"SALON D\u00c9DI\u00c9 AUX INDUSTRIES DE LA FILI\u00c8RE DES IMPLANTS ET INSTRUMENTS EN ORTHOP\u00c9DIE, TRAUMATOLOGIE, RACHIS, DENTAIRE\",\"publisher\":{\"@id\":\"https:\\\/\\\/www.orthomanufacture.com\\\/2024\\\/#organization\"},\"potentialAction\":[{\"@type\":\"SearchAction\",\"target\":{\"@type\":\"EntryPoint\",\"urlTemplate\":\"https:\\\/\\\/www.orthomanufacture.com\\\/2024\\\/?s={search_term_string}\"},\"query-input\":{\"@type\":\"PropertyValueSpecification\",\"valueRequired\":true,\"valueName\":\"search_term_string\"}}],\"inLanguage\":\"fr-FR\"},{\"@type\":\"Organization\",\"@id\":\"https:\\\/\\\/www.orthomanufacture.com\\\/2024\\\/#organization\",\"name\":\"2024\",\"url\":\"https:\\\/\\\/www.orthomanufacture.com\\\/2024\\\/\",\"logo\":{\"@type\":\"ImageObject\",\"inLanguage\":\"fr-FR\",\"@id\":\"https:\\\/\\\/www.orthomanufacture.com\\\/2024\\\/#\\\/schema\\\/logo\\\/image\\\/\",\"url\":\"https:\\\/\\\/www.orthomanufacture.com\\\/2024\\\/wp-content\\\/uploads\\\/sites\\\/13\\\/2023\\\/11\\\/logo-orthomanufacture.svg\",\"contentUrl\":\"https:\\\/\\\/www.orthomanufacture.com\\\/2024\\\/wp-content\\\/uploads\\\/sites\\\/13\\\/2023\\\/11\\\/logo-orthomanufacture.svg\",\"caption\":\"2024\"},\"image\":{\"@id\":\"https:\\\/\\\/www.orthomanufacture.com\\\/2024\\\/#\\\/schema\\\/logo\\\/image\\\/\"}}]}<\/script>\n<!-- \/ Yoast SEO plugin. -->","yoast_head_json":{"title":"Privacy policy - 2024","robots":{"index":"index","follow":"follow","max-snippet":"max-snippet:-1","max-image-preview":"max-image-preview:large","max-video-preview":"max-video-preview:-1"},"canonical":"https:\/\/www.orthomanufacture.com\/2024\/de\/privacy-policy-de\/","og_locale":"fr_FR","og_type":"article","og_title":"Privacy policy - 2024","og_description":"ORTHOMANUFACTURE This confidentiality policy applies to the \u00ab\u00a0https:\/\/www.orthomanufacture.com\/2024\/\u00a0\u00bb site. The following text explains the categories of data collected by ORTHOMANUFACTURE, how they are processed, the internal and external parties involved, how long they are kept, where they are kept and how they can be consulted. By using our site, you consent to the practices described [&hellip;]","og_url":"https:\/\/www.orthomanufacture.com\/2024\/de\/privacy-policy-de\/","og_site_name":"2024","article_modified_time":"2023-11-10T17:33:07+00:00","twitter_card":"summary_large_image","twitter_misc":{"Dur\u00e9e de lecture estim\u00e9e":"5 minutes"},"schema":{"@context":"https:\/\/schema.org","@graph":[{"@type":"WebPage","@id":"https:\/\/www.orthomanufacture.com\/2024\/de\/privacy-policy-de\/","url":"https:\/\/www.orthomanufacture.com\/2024\/de\/privacy-policy-de\/","name":"Privacy policy - 2024","isPartOf":{"@id":"https:\/\/www.orthomanufacture.com\/2024\/#website"},"datePublished":"2023-11-10T17:33:06+00:00","dateModified":"2023-11-10T17:33:07+00:00","breadcrumb":{"@id":"https:\/\/www.orthomanufacture.com\/2024\/de\/privacy-policy-de\/#breadcrumb"},"inLanguage":"fr-FR","potentialAction":[{"@type":"ReadAction","target":["https:\/\/www.orthomanufacture.com\/2024\/de\/privacy-policy-de\/"]}]},{"@type":"BreadcrumbList","@id":"https:\/\/www.orthomanufacture.com\/2024\/de\/privacy-policy-de\/#breadcrumb","itemListElement":[{"@type":"ListItem","position":1,"name":"Accueil","item":"https:\/\/www.orthomanufacture.com\/2024\/fr\/"},{"@type":"ListItem","position":2,"name":"Privacy policy"}]},{"@type":"WebSite","@id":"https:\/\/www.orthomanufacture.com\/2024\/#website","url":"https:\/\/www.orthomanufacture.com\/2024\/","name":"2024","description":"SALON D\u00c9DI\u00c9 AUX INDUSTRIES DE LA FILI\u00c8RE DES IMPLANTS ET INSTRUMENTS EN ORTHOP\u00c9DIE, TRAUMATOLOGIE, RACHIS, DENTAIRE","publisher":{"@id":"https:\/\/www.orthomanufacture.com\/2024\/#organization"},"potentialAction":[{"@type":"SearchAction","target":{"@type":"EntryPoint","urlTemplate":"https:\/\/www.orthomanufacture.com\/2024\/?s={search_term_string}"},"query-input":{"@type":"PropertyValueSpecification","valueRequired":true,"valueName":"search_term_string"}}],"inLanguage":"fr-FR"},{"@type":"Organization","@id":"https:\/\/www.orthomanufacture.com\/2024\/#organization","name":"2024","url":"https:\/\/www.orthomanufacture.com\/2024\/","logo":{"@type":"ImageObject","inLanguage":"fr-FR","@id":"https:\/\/www.orthomanufacture.com\/2024\/#\/schema\/logo\/image\/","url":"https:\/\/www.orthomanufacture.com\/2024\/wp-content\/uploads\/sites\/13\/2023\/11\/logo-orthomanufacture.svg","contentUrl":"https:\/\/www.orthomanufacture.com\/2024\/wp-content\/uploads\/sites\/13\/2023\/11\/logo-orthomanufacture.svg","caption":"2024"},"image":{"@id":"https:\/\/www.orthomanufacture.com\/2024\/#\/schema\/logo\/image\/"}}]}},"coauthors":[],"author_meta":{"author_link":"https:\/\/www.orthomanufacture.com\/2024\/author\/ortho_imanufacture\/","display_name":"Les Imageurs"},"relative_dates":{"created":"Publi\u00e9 2 ans il y a","modified":"Mis \u00e0 jour 2 ans il y a"},"absolute_dates":{"created":"Publi\u00e9 le 10 novembre 2023","modified":"Mise \u00e0 jour le 10 novembre 2023"},"absolute_dates_time":{"created":"Publi\u00e9 le 10 novembre 2023 18 h 33 min","modified":"Mise \u00e0 jour le 10 novembre 2023 18 h 33 min"},"featured_img_caption":"","featured_img":false,"series_order":"","_links":{"self":[{"href":"https:\/\/www.orthomanufacture.com\/2024\/wp-json\/wp\/v2\/pages\/6744","targetHints":{"allow":["GET"]}}],"collection":[{"href":"https:\/\/www.orthomanufacture.com\/2024\/wp-json\/wp\/v2\/pages"}],"about":[{"href":"https:\/\/www.orthomanufacture.com\/2024\/wp-json\/wp\/v2\/types\/page"}],"author":[{"embeddable":true,"href":"https:\/\/www.orthomanufacture.com\/2024\/wp-json\/wp\/v2\/users\/1"}],"replies":[{"embeddable":true,"href":"https:\/\/www.orthomanufacture.com\/2024\/wp-json\/wp\/v2\/comments?post=6744"}],"version-history":[{"count":0,"href":"https:\/\/www.orthomanufacture.com\/2024\/wp-json\/wp\/v2\/pages\/6744\/revisions"}],"wp:attachment":[{"href":"https:\/\/www.orthomanufacture.com\/2024\/wp-json\/wp\/v2\/media?parent=6744"}],"curies":[{"name":"wp","href":"https:\/\/api.w.org\/{rel}","templated":true}]}}