{"id":2849,"date":"2019-05-27T14:27:52","date_gmt":"2019-05-27T12:27:52","guid":{"rendered":"https:\/\/www.orthomanufacture.com\/2024\/?page_id=2849"},"modified":"2024-08-29T08:58:59","modified_gmt":"2024-08-29T06:58:59","slug":"aussteller","status":"publish","type":"page","link":"https:\/\/www.orthomanufacture.com\/2024\/de\/aussteller-2\/aussteller\/","title":{"rendered":"Werden Sie Aussteller in 2024"},"content":{"rendered":"\n<div style=\"height:30px\" aria-hidden=\"true\" class=\"wp-block-spacer\"><\/div>\n\n\n\n<h2 class=\"wp-block-heading has-text-align-center has-bleu-color has-text-color\">M\u00f6chten Sie auf der ORTHOMANUFACTURE 2024 ausstellen?<\/h2>\n\n\n\n<p class=\"has-text-align-center\">Je nach Bedarf bieten wir verschiedene Optionen an<\/p>\n\n\n\n<div style=\"height:30px\" aria-hidden=\"true\" class=\"wp-block-spacer\"><\/div>\n\n\n\n<div class=\"wp-block-columns gap__2em is-layout-flex wp-container-core-columns-is-layout-9d6595d7 wp-block-columns-is-layout-flex\">\n<div class=\"wp-block-column is-layout-flow wp-block-column-is-layout-flow\">\n<h3 class=\"wp-block-heading has-text-align-center\">Standardformel<\/h3>\n\n\n\n<div style=\"height:10px\" aria-hidden=\"true\" class=\"wp-block-spacer\"><\/div>\n\n\n\n<p>Diese Formel beinhaltet eine Ausstellungsfl\u00e4che von ca. 5 bis 6 m\u00b2, einen Tisch und zwei St\u00fchle, eine 220-V-Steckdose und Beleuchtung. F\u00fcr 2 Personen sind die Buffetverpflegung f\u00fcr 2 Mittagessen, die Teilnahme am Abend und der Zugang zum Konferenzraum inklusive.<\/p>\n\n\n\n<div style=\"height:10px\" aria-hidden=\"true\" class=\"wp-block-spacer\"><\/div>\n\n\n\n<div class=\"wp-block-buttons is-horizontal is-content-justification-center is-layout-flex wp-container-core-buttons-is-layout-499968f5 wp-block-buttons-is-layout-flex\">\n<div class=\"wp-block-button\"><a class=\"wp-block-button__link has-black-color has-vivid-cyan-blue-background-color has-text-color has-background wp-element-button\" href=\"https:\/\/www.orthomanufacture.com\/2024\/wp-content\/uploads\/sites\/13\/2023\/11\/BON-DE-RESERVATION-EXPOSANT-FRANCAIS-2024.pdf\" target=\"_blank\" rel=\"noreferrer noopener\"><strong><strong>Buchen Sie einen Standardstand<\/strong><\/strong><\/a><\/div>\n<\/div>\n<\/div>\n\n\n\n<div class=\"wp-block-column is-layout-flow wp-block-column-is-layout-flow\">\n<h3 class=\"wp-block-heading has-text-align-center\">\u201eMini-Stand\u201c-Formel<\/h3>\n\n\n\n<div style=\"height:10px\" aria-hidden=\"true\" class=\"wp-block-spacer\"><\/div>\n\n\n\n<p class=\"has-text-align-center\">Diese Formel umfasst einen Steh-Esstisch + einen Hochstuhl mit der M\u00f6glichkeit, einen aufrollbaren Stuhl aufzustellen. <br>F\u00fcr 1 oder 2 Personen, je nach gew\u00e4hlter Formel, inklusive 2 Mittagsbuffets, Zugang zum Konferenzraum und geselligem Abend.<\/p>\n\n\n\n<div style=\"height:10px\" aria-hidden=\"true\" class=\"wp-block-spacer\"><\/div>\n\n\n\n<div class=\"wp-block-buttons is-horizontal is-content-justification-center is-layout-flex wp-container-core-buttons-is-layout-499968f5 wp-block-buttons-is-layout-flex\">\n<div class=\"wp-block-button\"><a class=\"wp-block-button__link has-black-color has-vivid-cyan-blue-background-color has-text-color has-background wp-element-button\" href=\"https:\/\/www.orthomanufacture.com\/2024\/wp-content\/uploads\/sites\/13\/2023\/11\/BON-DE-RESERVATION-MINI-STAND-FRANCE-2024.pdf\" target=\"_blank\" rel=\"noreferrer noopener\"><strong><strong>Buchen Sie einen \u00ab\u00a0Mini-Stand\u00a0\u00bb<\/strong><\/strong><\/a><\/div>\n<\/div>\n<\/div>\n<\/div>\n\n\n\n<div style=\"height:30px\" aria-hidden=\"true\" class=\"wp-block-spacer\"><\/div>\n\n\n\n<figure class=\"wp-block-gallery has-nested-images columns-3 is-cropped wp-block-gallery-1 is-layout-flex wp-block-gallery-is-layout-flex\">\n<figure class=\"wp-block-image size-large\"><img loading=\"lazy\" decoding=\"async\" width=\"1024\" height=\"683\" data-id=\"8071\" src=\"https:\/\/www.orthomanufacture.com\/2024\/wp-content\/uploads\/sites\/13\/2024\/08\/2024-05-OrthoManufacture_046-1024x683.jpg\" alt=\"\" class=\"wp-image-8071\" srcset=\"https:\/\/www.orthomanufacture.com\/2024\/wp-content\/uploads\/sites\/13\/2024\/08\/2024-05-OrthoManufacture_046-1024x683.jpg 1024w, https:\/\/www.orthomanufacture.com\/2024\/wp-content\/uploads\/sites\/13\/2024\/08\/2024-05-OrthoManufacture_046-300x200.jpg 300w, https:\/\/www.orthomanufacture.com\/2024\/wp-content\/uploads\/sites\/13\/2024\/08\/2024-05-OrthoManufacture_046-768x512.jpg 768w, https:\/\/www.orthomanufacture.com\/2024\/wp-content\/uploads\/sites\/13\/2024\/08\/2024-05-OrthoManufacture_046-120x80.jpg 120w, https:\/\/www.orthomanufacture.com\/2024\/wp-content\/uploads\/sites\/13\/2024\/08\/2024-05-OrthoManufacture_046-600x400.jpg 600w, https:\/\/www.orthomanufacture.com\/2024\/wp-content\/uploads\/sites\/13\/2024\/08\/2024-05-OrthoManufacture_046.jpg 1200w\" sizes=\"auto, (max-width: 1024px) 100vw, 1024px\" \/><\/figure>\n\n\n\n<figure class=\"wp-block-image size-large\"><img loading=\"lazy\" decoding=\"async\" width=\"1024\" height=\"683\" data-id=\"8068\" src=\"https:\/\/www.orthomanufacture.com\/2024\/wp-content\/uploads\/sites\/13\/2024\/08\/2024-05-OrthoManufacture_043-1024x683.jpg\" alt=\"\" class=\"wp-image-8068\" srcset=\"https:\/\/www.orthomanufacture.com\/2024\/wp-content\/uploads\/sites\/13\/2024\/08\/2024-05-OrthoManufacture_043-1024x683.jpg 1024w, https:\/\/www.orthomanufacture.com\/2024\/wp-content\/uploads\/sites\/13\/2024\/08\/2024-05-OrthoManufacture_043-300x200.jpg 300w, https:\/\/www.orthomanufacture.com\/2024\/wp-content\/uploads\/sites\/13\/2024\/08\/2024-05-OrthoManufacture_043-768x512.jpg 768w, https:\/\/www.orthomanufacture.com\/2024\/wp-content\/uploads\/sites\/13\/2024\/08\/2024-05-OrthoManufacture_043-120x80.jpg 120w, https:\/\/www.orthomanufacture.com\/2024\/wp-content\/uploads\/sites\/13\/2024\/08\/2024-05-OrthoManufacture_043-600x400.jpg 600w, https:\/\/www.orthomanufacture.com\/2024\/wp-content\/uploads\/sites\/13\/2024\/08\/2024-05-OrthoManufacture_043.jpg 1200w\" sizes=\"auto, (max-width: 1024px) 100vw, 1024px\" \/><\/figure>\n\n\n\n<figure class=\"wp-block-image size-large\"><img loading=\"lazy\" decoding=\"async\" width=\"1024\" height=\"683\" data-id=\"8069\" src=\"https:\/\/www.orthomanufacture.com\/2024\/wp-content\/uploads\/sites\/13\/2024\/08\/2024-05-OrthoManufacture_044-1024x683.jpg\" alt=\"\" class=\"wp-image-8069\" srcset=\"https:\/\/www.orthomanufacture.com\/2024\/wp-content\/uploads\/sites\/13\/2024\/08\/2024-05-OrthoManufacture_044-1024x683.jpg 1024w, https:\/\/www.orthomanufacture.com\/2024\/wp-content\/uploads\/sites\/13\/2024\/08\/2024-05-OrthoManufacture_044-300x200.jpg 300w, https:\/\/www.orthomanufacture.com\/2024\/wp-content\/uploads\/sites\/13\/2024\/08\/2024-05-OrthoManufacture_044-768x512.jpg 768w, https:\/\/www.orthomanufacture.com\/2024\/wp-content\/uploads\/sites\/13\/2024\/08\/2024-05-OrthoManufacture_044-120x80.jpg 120w, https:\/\/www.orthomanufacture.com\/2024\/wp-content\/uploads\/sites\/13\/2024\/08\/2024-05-OrthoManufacture_044-600x400.jpg 600w, https:\/\/www.orthomanufacture.com\/2024\/wp-content\/uploads\/sites\/13\/2024\/08\/2024-05-OrthoManufacture_044.jpg 1200w\" sizes=\"auto, (max-width: 1024px) 100vw, 1024px\" \/><\/figure>\n\n\n\n<figure class=\"wp-block-image size-large\"><img loading=\"lazy\" decoding=\"async\" width=\"1024\" height=\"683\" data-id=\"8070\" src=\"https:\/\/www.orthomanufacture.com\/2024\/wp-content\/uploads\/sites\/13\/2024\/08\/2024-05-OrthoManufacture_045-1024x683.jpg\" alt=\"\" class=\"wp-image-8070\" srcset=\"https:\/\/www.orthomanufacture.com\/2024\/wp-content\/uploads\/sites\/13\/2024\/08\/2024-05-OrthoManufacture_045-1024x683.jpg 1024w, https:\/\/www.orthomanufacture.com\/2024\/wp-content\/uploads\/sites\/13\/2024\/08\/2024-05-OrthoManufacture_045-300x200.jpg 300w, https:\/\/www.orthomanufacture.com\/2024\/wp-content\/uploads\/sites\/13\/2024\/08\/2024-05-OrthoManufacture_045-768x512.jpg 768w, https:\/\/www.orthomanufacture.com\/2024\/wp-content\/uploads\/sites\/13\/2024\/08\/2024-05-OrthoManufacture_045-120x80.jpg 120w, https:\/\/www.orthomanufacture.com\/2024\/wp-content\/uploads\/sites\/13\/2024\/08\/2024-05-OrthoManufacture_045-600x400.jpg 600w, https:\/\/www.orthomanufacture.com\/2024\/wp-content\/uploads\/sites\/13\/2024\/08\/2024-05-OrthoManufacture_045.jpg 1200w\" sizes=\"auto, (max-width: 1024px) 100vw, 1024px\" \/><\/figure>\n\n\n\n<figure class=\"wp-block-image size-large\"><img loading=\"lazy\" decoding=\"async\" width=\"1024\" height=\"683\" data-id=\"8073\" src=\"https:\/\/www.orthomanufacture.com\/2024\/wp-content\/uploads\/sites\/13\/2024\/08\/2024-05-OrthoManufacture_048-1024x683.jpg\" alt=\"\" class=\"wp-image-8073\" srcset=\"https:\/\/www.orthomanufacture.com\/2024\/wp-content\/uploads\/sites\/13\/2024\/08\/2024-05-OrthoManufacture_048-1024x683.jpg 1024w, https:\/\/www.orthomanufacture.com\/2024\/wp-content\/uploads\/sites\/13\/2024\/08\/2024-05-OrthoManufacture_048-300x200.jpg 300w, https:\/\/www.orthomanufacture.com\/2024\/wp-content\/uploads\/sites\/13\/2024\/08\/2024-05-OrthoManufacture_048-768x512.jpg 768w, https:\/\/www.orthomanufacture.com\/2024\/wp-content\/uploads\/sites\/13\/2024\/08\/2024-05-OrthoManufacture_048-120x80.jpg 120w, https:\/\/www.orthomanufacture.com\/2024\/wp-content\/uploads\/sites\/13\/2024\/08\/2024-05-OrthoManufacture_048-600x400.jpg 600w, https:\/\/www.orthomanufacture.com\/2024\/wp-content\/uploads\/sites\/13\/2024\/08\/2024-05-OrthoManufacture_048.jpg 1200w\" sizes=\"auto, (max-width: 1024px) 100vw, 1024px\" \/><\/figure>\n\n\n\n<figure class=\"wp-block-image size-large\"><img loading=\"lazy\" decoding=\"async\" width=\"1024\" height=\"683\" data-id=\"8074\" src=\"https:\/\/www.orthomanufacture.com\/2024\/wp-content\/uploads\/sites\/13\/2024\/08\/2024-05-OrthoManufacture_049-1024x683.jpg\" alt=\"\" class=\"wp-image-8074\" srcset=\"https:\/\/www.orthomanufacture.com\/2024\/wp-content\/uploads\/sites\/13\/2024\/08\/2024-05-OrthoManufacture_049-1024x683.jpg 1024w, https:\/\/www.orthomanufacture.com\/2024\/wp-content\/uploads\/sites\/13\/2024\/08\/2024-05-OrthoManufacture_049-300x200.jpg 300w, https:\/\/www.orthomanufacture.com\/2024\/wp-content\/uploads\/sites\/13\/2024\/08\/2024-05-OrthoManufacture_049-768x512.jpg 768w, https:\/\/www.orthomanufacture.com\/2024\/wp-content\/uploads\/sites\/13\/2024\/08\/2024-05-OrthoManufacture_049-120x80.jpg 120w, https:\/\/www.orthomanufacture.com\/2024\/wp-content\/uploads\/sites\/13\/2024\/08\/2024-05-OrthoManufacture_049-600x400.jpg 600w, https:\/\/www.orthomanufacture.com\/2024\/wp-content\/uploads\/sites\/13\/2024\/08\/2024-05-OrthoManufacture_049.jpg 1200w\" sizes=\"auto, (max-width: 1024px) 100vw, 1024px\" \/><\/figure>\n<\/figure>\n\n\n\n<div style=\"height:30px\" aria-hidden=\"true\" class=\"wp-block-spacer\"><\/div>\n\n\n\n<div class=\"wp-block-group has-gris-background-color has-background\"><div class=\"wp-block-group__inner-container is-layout-constrained wp-block-group-is-layout-constrained\">\n<h4 class=\"wp-block-heading\">ZU BEACHTEN<\/h4>\n\n\n\n<p>Die Teilnahmebedingungen als Aussteller sind oben auf dem Buchungsformular f\u00fcr St\u00e4nde und \u00ab\u00a0Mini-St\u00e4nde\u00a0\u00bb oben angegeben.<\/p>\n\n\n\n<p>Die Konferenzsitzungen werden etwa anderthalb Stunden dauern und in den Pausen werden die Aussteller von den Zuh\u00f6rern besucht. Nat\u00fcrlich werden Besucher, die nicht an den Konferenzen teilnehmen, den ganzen Tag \u00fcber frei unter Ihnen zirkulieren.<\/p>\n<\/div><\/div>\n\n\n\n<p><\/p>\n\n\n\n<div style=\"height:30px\" aria-hidden=\"true\" class=\"wp-block-spacer\"><\/div>\n\n\n\n<p class=\"has-medium-font-size\"><strong>Entdecken Sie die Aussteller fr\u00fcherer Ausgaben<\/strong><\/p>\n\n\n\n<div class=\"wp-block-advgb-list\"><ul class=\"advgblist-0d5dff13-d846-442e-97f8-2d764b304fd0 advgb-list advgb-list-controls-play\">\n<li><a href=\"https:\/\/www.orthomanufacture.com\/de\/aussteller-2\/aussteller\/\">Ausstellerliste 2023<\/a><\/li>\n\n\n\n<li><a href=\"https:\/\/www.orthomanufacture.com\/2024\/wp-content\/uploads\/sites\/13\/2022\/12\/LISTE-EXPOSANTS-OTM-TOUTES-ANNEES-MAJ-2022.pdf\" target=\"_blank\" rel=\"noreferrer noopener\">Ausstellerverzeichnis fr\u00fcherer Ausgaben (pdf)<\/a><\/li>\n<\/ul><\/div>\n\n\n\n<p><\/p>\n<style class=\"advgb-styles-renderer\">.wp-block-advgb-list ul.advgblist-0d5dff13-d846-442e-97f8-2d764b304fd0 > li{font-size:16px;}.wp-block-advgb-list ul.advgblist-0d5dff13-d846-442e-97f8-2d764b304fd0 > li{padding-left:18px;margin-left:0;}.wp-block-advgb-list ul.advgblist-0d5dff13-d846-442e-97f8-2d764b304fd0 > li:before{font-size:16px;color:#d33e81;line-height:18px;margin:2px;padding:2px;margin-left:-20px}<\/style>","protected":false},"excerpt":{"rendered":"<p>M\u00f6chten Sie auf der ORTHOMANUFACTURE 2024 ausstellen? Je nach Bedarf bieten wir verschiedene Optionen an Standardformel Diese Formel beinhaltet eine Ausstellungsfl\u00e4che von ca. 5 bis 6 m\u00b2, einen Tisch und zwei St\u00fchle, eine 220-V-Steckdose und Beleuchtung. F\u00fcr 2 Personen sind die Buffetverpflegung f\u00fcr 2 Mittagessen, die Teilnahme am Abend und der Zugang zum Konferenzraum inklusive. [&hellip;]<\/p>\n","protected":false},"author":1,"featured_media":0,"parent":6091,"menu_order":20,"comment_status":"closed","ping_status":"closed","template":"","meta":{"advgb_blocks_editor_width":"","advgb_blocks_columns_visual_guide":"","footnotes":""},"class_list":["post-2849","page","type-page","status-publish","hentry"],"featured_image_urls_v2":{"full":"","thumbnail":"","medium":"","medium_large":"","large":"","1536x1536":"","2048x2048":"","woocommerce_thumbnail":"","woocommerce_single":"","woocommerce_gallery_thumbnail":""},"post_excerpt_stackable_v2":"<p>M\u00f6chten Sie auf der ORTHOMANUFACTURE 2024 ausstellen? Je nach Bedarf bieten wir verschiedene Optionen an Standardformel Diese Formel beinhaltet eine Ausstellungsfl\u00e4che von ca. 5 bis 6 m\u00b2, einen Tisch und zwei St\u00fchle, eine 220-V-Steckdose und Beleuchtung. F\u00fcr 2 Personen sind die Buffetverpflegung f\u00fcr 2 Mittagessen, die Teilnahme am Abend und der Zugang zum Konferenzraum inklusive. Buchen Sie einen Standardstand \u201eMini-Stand\u201c-Formel Diese Formel umfasst einen Steh-Esstisch + einen Hochstuhl mit der M\u00f6glichkeit, einen aufrollbaren Stuhl aufzustellen. F\u00fcr 1 oder 2 Personen, je nach gew\u00e4hlter Formel, inklusive 2 Mittagsbuffets, Zugang zum Konferenzraum und geselligem Abend. Buchen Sie einen \u00ab\u00a0Mini-Stand\u00a0\u00bb ZU BEACHTEN Die\u2026<\/p>\n","category_list_v2":"","author_info_v2":{"name":"Les Imageurs","url":"https:\/\/www.orthomanufacture.com\/2024\/author\/ortho_imanufacture\/"},"comments_num_v2":"0 commentaire","acf":[],"yoast_head":"<!-- This site is optimized with the Yoast SEO plugin v27.5 - https:\/\/yoast.com\/product\/yoast-seo-wordpress\/ -->\n<title>Werden Sie Aussteller in 2024 - 2024<\/title>\n<meta name=\"robots\" content=\"index, follow, max-snippet:-1, max-image-preview:large, max-video-preview:-1\" \/>\n<link rel=\"canonical\" href=\"https:\/\/www.orthomanufacture.com\/2024\/de\/aussteller-2\/aussteller\/\" \/>\n<meta property=\"og:locale\" content=\"fr_FR\" \/>\n<meta property=\"og:type\" content=\"article\" \/>\n<meta property=\"og:title\" content=\"Werden Sie Aussteller in 2024 - 2024\" \/>\n<meta property=\"og:description\" content=\"M\u00f6chten Sie auf der ORTHOMANUFACTURE 2024 ausstellen? Je nach Bedarf bieten wir verschiedene Optionen an Standardformel Diese Formel beinhaltet eine Ausstellungsfl\u00e4che von ca. 5 bis 6 m\u00b2, einen Tisch und zwei St\u00fchle, eine 220-V-Steckdose und Beleuchtung. F\u00fcr 2 Personen sind die Buffetverpflegung f\u00fcr 2 Mittagessen, die Teilnahme am Abend und der Zugang zum Konferenzraum inklusive. [&hellip;]\" \/>\n<meta property=\"og:url\" content=\"https:\/\/www.orthomanufacture.com\/2024\/de\/aussteller-2\/aussteller\/\" \/>\n<meta property=\"og:site_name\" content=\"2024\" \/>\n<meta property=\"article:modified_time\" content=\"2024-08-29T06:58:59+00:00\" \/>\n<meta property=\"og:image\" content=\"https:\/\/www.orthomanufacture.com\/2024\/wp-content\/uploads\/sites\/13\/2024\/08\/2024-05-OrthoManufacture_046.jpg\" \/>\n\t<meta property=\"og:image:width\" content=\"1200\" \/>\n\t<meta property=\"og:image:height\" content=\"800\" \/>\n\t<meta property=\"og:image:type\" content=\"image\/jpeg\" \/>\n<meta name=\"twitter:card\" content=\"summary_large_image\" \/>\n<meta name=\"twitter:label1\" content=\"Dur\u00e9e de lecture estim\u00e9e\" \/>\n\t<meta name=\"twitter:data1\" content=\"3 minutes\" \/>\n<script type=\"application\/ld+json\" class=\"yoast-schema-graph\">{\"@context\":\"https:\\\/\\\/schema.org\",\"@graph\":[{\"@type\":\"WebPage\",\"@id\":\"https:\\\/\\\/www.orthomanufacture.com\\\/2024\\\/de\\\/aussteller-2\\\/aussteller\\\/\",\"url\":\"https:\\\/\\\/www.orthomanufacture.com\\\/2024\\\/de\\\/aussteller-2\\\/aussteller\\\/\",\"name\":\"Werden Sie Aussteller in 2024 - 2024\",\"isPartOf\":{\"@id\":\"https:\\\/\\\/www.orthomanufacture.com\\\/2024\\\/#website\"},\"primaryImageOfPage\":{\"@id\":\"https:\\\/\\\/www.orthomanufacture.com\\\/2024\\\/de\\\/aussteller-2\\\/aussteller\\\/#primaryimage\"},\"image\":{\"@id\":\"https:\\\/\\\/www.orthomanufacture.com\\\/2024\\\/de\\\/aussteller-2\\\/aussteller\\\/#primaryimage\"},\"thumbnailUrl\":\"https:\\\/\\\/www.orthomanufacture.com\\\/2024\\\/wp-content\\\/uploads\\\/sites\\\/13\\\/2024\\\/08\\\/2024-05-OrthoManufacture_046-1024x683.jpg\",\"datePublished\":\"2019-05-27T12:27:52+00:00\",\"dateModified\":\"2024-08-29T06:58:59+00:00\",\"breadcrumb\":{\"@id\":\"https:\\\/\\\/www.orthomanufacture.com\\\/2024\\\/de\\\/aussteller-2\\\/aussteller\\\/#breadcrumb\"},\"inLanguage\":\"fr-FR\",\"potentialAction\":[{\"@type\":\"ReadAction\",\"target\":[\"https:\\\/\\\/www.orthomanufacture.com\\\/2024\\\/de\\\/aussteller-2\\\/aussteller\\\/\"]}]},{\"@type\":\"ImageObject\",\"inLanguage\":\"fr-FR\",\"@id\":\"https:\\\/\\\/www.orthomanufacture.com\\\/2024\\\/de\\\/aussteller-2\\\/aussteller\\\/#primaryimage\",\"url\":\"https:\\\/\\\/www.orthomanufacture.com\\\/2024\\\/wp-content\\\/uploads\\\/sites\\\/13\\\/2024\\\/08\\\/2024-05-OrthoManufacture_046.jpg\",\"contentUrl\":\"https:\\\/\\\/www.orthomanufacture.com\\\/2024\\\/wp-content\\\/uploads\\\/sites\\\/13\\\/2024\\\/08\\\/2024-05-OrthoManufacture_046.jpg\",\"width\":1200,\"height\":800},{\"@type\":\"BreadcrumbList\",\"@id\":\"https:\\\/\\\/www.orthomanufacture.com\\\/2024\\\/de\\\/aussteller-2\\\/aussteller\\\/#breadcrumb\",\"itemListElement\":[{\"@type\":\"ListItem\",\"position\":1,\"name\":\"Accueil\",\"item\":\"https:\\\/\\\/www.orthomanufacture.com\\\/2024\\\/fr\\\/\"},{\"@type\":\"ListItem\",\"position\":2,\"name\":\"Aussteller\",\"item\":\"https:\\\/\\\/www.orthomanufacture.com\\\/2024\\\/de\\\/aussteller-2\\\/\"},{\"@type\":\"ListItem\",\"position\":3,\"name\":\"Werden Sie Aussteller in 2024\"}]},{\"@type\":\"WebSite\",\"@id\":\"https:\\\/\\\/www.orthomanufacture.com\\\/2024\\\/#website\",\"url\":\"https:\\\/\\\/www.orthomanufacture.com\\\/2024\\\/\",\"name\":\"2024\",\"description\":\"SALON D\u00c9DI\u00c9 AUX INDUSTRIES DE LA FILI\u00c8RE DES IMPLANTS ET INSTRUMENTS EN ORTHOP\u00c9DIE, TRAUMATOLOGIE, RACHIS, DENTAIRE\",\"publisher\":{\"@id\":\"https:\\\/\\\/www.orthomanufacture.com\\\/2024\\\/#organization\"},\"potentialAction\":[{\"@type\":\"SearchAction\",\"target\":{\"@type\":\"EntryPoint\",\"urlTemplate\":\"https:\\\/\\\/www.orthomanufacture.com\\\/2024\\\/?s={search_term_string}\"},\"query-input\":{\"@type\":\"PropertyValueSpecification\",\"valueRequired\":true,\"valueName\":\"search_term_string\"}}],\"inLanguage\":\"fr-FR\"},{\"@type\":\"Organization\",\"@id\":\"https:\\\/\\\/www.orthomanufacture.com\\\/2024\\\/#organization\",\"name\":\"2024\",\"url\":\"https:\\\/\\\/www.orthomanufacture.com\\\/2024\\\/\",\"logo\":{\"@type\":\"ImageObject\",\"inLanguage\":\"fr-FR\",\"@id\":\"https:\\\/\\\/www.orthomanufacture.com\\\/2024\\\/#\\\/schema\\\/logo\\\/image\\\/\",\"url\":\"https:\\\/\\\/www.orthomanufacture.com\\\/2024\\\/wp-content\\\/uploads\\\/sites\\\/13\\\/2023\\\/11\\\/logo-orthomanufacture.svg\",\"contentUrl\":\"https:\\\/\\\/www.orthomanufacture.com\\\/2024\\\/wp-content\\\/uploads\\\/sites\\\/13\\\/2023\\\/11\\\/logo-orthomanufacture.svg\",\"caption\":\"2024\"},\"image\":{\"@id\":\"https:\\\/\\\/www.orthomanufacture.com\\\/2024\\\/#\\\/schema\\\/logo\\\/image\\\/\"}}]}<\/script>\n<!-- \/ Yoast SEO plugin. -->","yoast_head_json":{"title":"Werden Sie Aussteller in 2024 - 2024","robots":{"index":"index","follow":"follow","max-snippet":"max-snippet:-1","max-image-preview":"max-image-preview:large","max-video-preview":"max-video-preview:-1"},"canonical":"https:\/\/www.orthomanufacture.com\/2024\/de\/aussteller-2\/aussteller\/","og_locale":"fr_FR","og_type":"article","og_title":"Werden Sie Aussteller in 2024 - 2024","og_description":"M\u00f6chten Sie auf der ORTHOMANUFACTURE 2024 ausstellen? Je nach Bedarf bieten wir verschiedene Optionen an Standardformel Diese Formel beinhaltet eine Ausstellungsfl\u00e4che von ca. 5 bis 6 m\u00b2, einen Tisch und zwei St\u00fchle, eine 220-V-Steckdose und Beleuchtung. F\u00fcr 2 Personen sind die Buffetverpflegung f\u00fcr 2 Mittagessen, die Teilnahme am Abend und der Zugang zum Konferenzraum inklusive. [&hellip;]","og_url":"https:\/\/www.orthomanufacture.com\/2024\/de\/aussteller-2\/aussteller\/","og_site_name":"2024","article_modified_time":"2024-08-29T06:58:59+00:00","og_image":[{"width":1200,"height":800,"url":"https:\/\/www.orthomanufacture.com\/2024\/wp-content\/uploads\/sites\/13\/2024\/08\/2024-05-OrthoManufacture_046.jpg","type":"image\/jpeg"}],"twitter_card":"summary_large_image","twitter_misc":{"Dur\u00e9e de lecture estim\u00e9e":"3 minutes"},"schema":{"@context":"https:\/\/schema.org","@graph":[{"@type":"WebPage","@id":"https:\/\/www.orthomanufacture.com\/2024\/de\/aussteller-2\/aussteller\/","url":"https:\/\/www.orthomanufacture.com\/2024\/de\/aussteller-2\/aussteller\/","name":"Werden Sie Aussteller in 2024 - 2024","isPartOf":{"@id":"https:\/\/www.orthomanufacture.com\/2024\/#website"},"primaryImageOfPage":{"@id":"https:\/\/www.orthomanufacture.com\/2024\/de\/aussteller-2\/aussteller\/#primaryimage"},"image":{"@id":"https:\/\/www.orthomanufacture.com\/2024\/de\/aussteller-2\/aussteller\/#primaryimage"},"thumbnailUrl":"https:\/\/www.orthomanufacture.com\/2024\/wp-content\/uploads\/sites\/13\/2024\/08\/2024-05-OrthoManufacture_046-1024x683.jpg","datePublished":"2019-05-27T12:27:52+00:00","dateModified":"2024-08-29T06:58:59+00:00","breadcrumb":{"@id":"https:\/\/www.orthomanufacture.com\/2024\/de\/aussteller-2\/aussteller\/#breadcrumb"},"inLanguage":"fr-FR","potentialAction":[{"@type":"ReadAction","target":["https:\/\/www.orthomanufacture.com\/2024\/de\/aussteller-2\/aussteller\/"]}]},{"@type":"ImageObject","inLanguage":"fr-FR","@id":"https:\/\/www.orthomanufacture.com\/2024\/de\/aussteller-2\/aussteller\/#primaryimage","url":"https:\/\/www.orthomanufacture.com\/2024\/wp-content\/uploads\/sites\/13\/2024\/08\/2024-05-OrthoManufacture_046.jpg","contentUrl":"https:\/\/www.orthomanufacture.com\/2024\/wp-content\/uploads\/sites\/13\/2024\/08\/2024-05-OrthoManufacture_046.jpg","width":1200,"height":800},{"@type":"BreadcrumbList","@id":"https:\/\/www.orthomanufacture.com\/2024\/de\/aussteller-2\/aussteller\/#breadcrumb","itemListElement":[{"@type":"ListItem","position":1,"name":"Accueil","item":"https:\/\/www.orthomanufacture.com\/2024\/fr\/"},{"@type":"ListItem","position":2,"name":"Aussteller","item":"https:\/\/www.orthomanufacture.com\/2024\/de\/aussteller-2\/"},{"@type":"ListItem","position":3,"name":"Werden Sie Aussteller in 2024"}]},{"@type":"WebSite","@id":"https:\/\/www.orthomanufacture.com\/2024\/#website","url":"https:\/\/www.orthomanufacture.com\/2024\/","name":"2024","description":"SALON D\u00c9DI\u00c9 AUX INDUSTRIES DE LA FILI\u00c8RE DES IMPLANTS ET INSTRUMENTS EN ORTHOP\u00c9DIE, TRAUMATOLOGIE, RACHIS, DENTAIRE","publisher":{"@id":"https:\/\/www.orthomanufacture.com\/2024\/#organization"},"potentialAction":[{"@type":"SearchAction","target":{"@type":"EntryPoint","urlTemplate":"https:\/\/www.orthomanufacture.com\/2024\/?s={search_term_string}"},"query-input":{"@type":"PropertyValueSpecification","valueRequired":true,"valueName":"search_term_string"}}],"inLanguage":"fr-FR"},{"@type":"Organization","@id":"https:\/\/www.orthomanufacture.com\/2024\/#organization","name":"2024","url":"https:\/\/www.orthomanufacture.com\/2024\/","logo":{"@type":"ImageObject","inLanguage":"fr-FR","@id":"https:\/\/www.orthomanufacture.com\/2024\/#\/schema\/logo\/image\/","url":"https:\/\/www.orthomanufacture.com\/2024\/wp-content\/uploads\/sites\/13\/2023\/11\/logo-orthomanufacture.svg","contentUrl":"https:\/\/www.orthomanufacture.com\/2024\/wp-content\/uploads\/sites\/13\/2023\/11\/logo-orthomanufacture.svg","caption":"2024"},"image":{"@id":"https:\/\/www.orthomanufacture.com\/2024\/#\/schema\/logo\/image\/"}}]}},"coauthors":[],"author_meta":{"author_link":"https:\/\/www.orthomanufacture.com\/2024\/author\/ortho_imanufacture\/","display_name":"Les Imageurs"},"relative_dates":{"created":"Publi\u00e9 7 ans il y a","modified":"Mis \u00e0 jour 2 ans il y a"},"absolute_dates":{"created":"Publi\u00e9 le 27 mai 2019","modified":"Mise \u00e0 jour le 29 ao\u00fbt 2024"},"absolute_dates_time":{"created":"Publi\u00e9 le 27 mai 2019 14 h 27 min","modified":"Mise \u00e0 jour le 29 ao\u00fbt 2024 8 h 58 min"},"featured_img_caption":"","featured_img":false,"series_order":"","_links":{"self":[{"href":"https:\/\/www.orthomanufacture.com\/2024\/wp-json\/wp\/v2\/pages\/2849","targetHints":{"allow":["GET"]}}],"collection":[{"href":"https:\/\/www.orthomanufacture.com\/2024\/wp-json\/wp\/v2\/pages"}],"about":[{"href":"https:\/\/www.orthomanufacture.com\/2024\/wp-json\/wp\/v2\/types\/page"}],"author":[{"embeddable":true,"href":"https:\/\/www.orthomanufacture.com\/2024\/wp-json\/wp\/v2\/users\/1"}],"replies":[{"embeddable":true,"href":"https:\/\/www.orthomanufacture.com\/2024\/wp-json\/wp\/v2\/comments?post=2849"}],"version-history":[{"count":0,"href":"https:\/\/www.orthomanufacture.com\/2024\/wp-json\/wp\/v2\/pages\/2849\/revisions"}],"up":[{"embeddable":true,"href":"https:\/\/www.orthomanufacture.com\/2024\/wp-json\/wp\/v2\/pages\/6091"}],"wp:attachment":[{"href":"https:\/\/www.orthomanufacture.com\/2024\/wp-json\/wp\/v2\/media?parent=2849"}],"curies":[{"name":"wp","href":"https:\/\/api.w.org\/{rel}","templated":true}]}}