{"id":5486,"date":"2022-05-02T11:15:03","date_gmt":"2022-05-02T09:15:03","guid":{"rendered":"https:\/\/www.orthomanufacture.com\/?page_id=5486"},"modified":"2023-04-20T15:41:20","modified_gmt":"2023-04-20T13:41:20","slug":"la-soiree","status":"publish","type":"page","link":"https:\/\/www.orthomanufacture.com\/2023\/fr\/la-soiree\/","title":{"rendered":"La soir\u00e9e"},"content":{"rendered":"\n<div style=\"height:20px\" aria-hidden=\"true\" class=\"wp-block-spacer\"><\/div>\n\n\n\n<p class=\"has-text-align-left\">Notre soir\u00e9e conviviale aura lieu le soir du premier jour, le mercredi 26 avril 2023 \u00e0 partir de 19H00, et se d\u00e9roulera \u00e0 l&rsquo;Union Viticole De Cully<\/p>\n\n\n\n<p class=\"has-text-align-left\">Pour ceux qui se seront inscrits, des guides de l&rsquo;Unesco seront l\u00e0 pour vous faire visiter les vignes, vous expliqueront pourquoi ce vignoble est inscrit au Patrimoine de l\u2019UNESCO, vous raconteront l&rsquo;histoire du vignoble et de la vigne, le travail \u00e0 la vigne, les terroirs&#8230;<\/p>\n\n\n\n<p class=\"has-text-align-left\">Ensuite une visite des caves sera organis\u00e9e avec bien entendu des d\u00e9gustations sur place.<\/p>\n\n\n\n<p class=\"has-text-align-left\">Pour finir, nous participerons au buffet dinatoire, tous ensemble, comme habituellement, nous permettant \u00e0 tous d&rsquo;\u00e9changer professionnellement ou personnellement dans un m\u00e9lange de culture et de d\u00e9tente.<\/p>\n\n\n\n<div style=\"height:20px\" aria-hidden=\"true\" class=\"wp-block-spacer\"><\/div>\n\n\n\n<div class=\"wp-block-buttons is-layout-flex wp-block-buttons-is-layout-flex\">\n<div class=\"wp-block-button aligncenter\"><a class=\"wp-block-button__link wp-element-button\" href=\"https:\/\/www.orthomanufacture.com\/wp-content\/uploads\/2023\/04\/COMMENT-ALLER-A-UVC.pdf\" target=\"_blank\" rel=\"noreferrer noopener\"><i class=\"fa-solid fa-file-pdf\"><\/i>&nbsp;&nbsp;Comment se rendre sur le lieu<\/a><\/div>\n<\/div>\n\n\n\n<p><strong><span style=\"color: #134b89\" class=\"stk-highlight\"><\/span><\/strong><\/p>\n\n\n\n<div style=\"height:20px\" aria-hidden=\"true\" class=\"wp-block-spacer\"><\/div>\n\n\n\n<figure class=\"wp-block-gallery has-nested-images columns-4 is-cropped wp-block-gallery-1 is-layout-flex wp-block-gallery-is-layout-flex\">\n<figure class=\"wp-block-image size-large\"><img loading=\"lazy\" decoding=\"async\" width=\"1024\" height=\"1024\" data-id=\"6469\" src=\"https:\/\/www.orthomanufacture.com\/wp-content\/uploads\/2023\/04\/Vivez-un-moment-unique-1024x1024.jpg\" alt=\"\" class=\"wp-image-6469\" srcset=\"https:\/\/www.orthomanufacture.com\/2023\/wp-content\/uploads\/sites\/11\/2023\/04\/Vivez-un-moment-unique-1024x1024.jpg 1024w, https:\/\/www.orthomanufacture.com\/2023\/wp-content\/uploads\/sites\/11\/2023\/04\/Vivez-un-moment-unique-300x300.jpg 300w, https:\/\/www.orthomanufacture.com\/2023\/wp-content\/uploads\/sites\/11\/2023\/04\/Vivez-un-moment-unique-150x150.jpg 150w, https:\/\/www.orthomanufacture.com\/2023\/wp-content\/uploads\/sites\/11\/2023\/04\/Vivez-un-moment-unique-768x768.jpg 768w, https:\/\/www.orthomanufacture.com\/2023\/wp-content\/uploads\/sites\/11\/2023\/04\/Vivez-un-moment-unique-600x600.jpg 600w, https:\/\/www.orthomanufacture.com\/2023\/wp-content\/uploads\/sites\/11\/2023\/04\/Vivez-un-moment-unique-100x100.jpg 100w, https:\/\/www.orthomanufacture.com\/2023\/wp-content\/uploads\/sites\/11\/2023\/04\/Vivez-un-moment-unique.jpg 1080w\" sizes=\"auto, (max-width: 1024px) 100vw, 1024px\" \/><\/figure>\n\n\n\n<figure class=\"wp-block-image size-large\"><img loading=\"lazy\" decoding=\"async\" width=\"632\" height=\"1024\" data-id=\"6466\" src=\"https:\/\/www.orthomanufacture.com\/wp-content\/uploads\/2023\/04\/salle-fleurs-632x1024.jpg\" alt=\"\" class=\"wp-image-6466\" srcset=\"https:\/\/www.orthomanufacture.com\/2023\/wp-content\/uploads\/sites\/11\/2023\/04\/salle-fleurs-632x1024.jpg 632w, https:\/\/www.orthomanufacture.com\/2023\/wp-content\/uploads\/sites\/11\/2023\/04\/salle-fleurs-185x300.jpg 185w, https:\/\/www.orthomanufacture.com\/2023\/wp-content\/uploads\/sites\/11\/2023\/04\/salle-fleurs-600x972.jpg 600w, https:\/\/www.orthomanufacture.com\/2023\/wp-content\/uploads\/sites\/11\/2023\/04\/salle-fleurs.jpg 741w\" sizes=\"auto, (max-width: 632px) 100vw, 632px\" \/><\/figure>\n\n\n\n<figure class=\"wp-block-image size-large\"><img loading=\"lazy\" decoding=\"async\" width=\"1024\" height=\"681\" data-id=\"6465\" src=\"https:\/\/www.orthomanufacture.com\/wp-content\/uploads\/2023\/04\/MK2_2498-1024x681.jpg\" alt=\"\" class=\"wp-image-6465\" srcset=\"https:\/\/www.orthomanufacture.com\/2023\/wp-content\/uploads\/sites\/11\/2023\/04\/MK2_2498-1024x681.jpg 1024w, https:\/\/www.orthomanufacture.com\/2023\/wp-content\/uploads\/sites\/11\/2023\/04\/MK2_2498-300x200.jpg 300w, https:\/\/www.orthomanufacture.com\/2023\/wp-content\/uploads\/sites\/11\/2023\/04\/MK2_2498-768x511.jpg 768w, https:\/\/www.orthomanufacture.com\/2023\/wp-content\/uploads\/sites\/11\/2023\/04\/MK2_2498-120x80.jpg 120w, https:\/\/www.orthomanufacture.com\/2023\/wp-content\/uploads\/sites\/11\/2023\/04\/MK2_2498-600x399.jpg 600w, https:\/\/www.orthomanufacture.com\/2023\/wp-content\/uploads\/sites\/11\/2023\/04\/MK2_2498.jpg 1200w\" sizes=\"auto, (max-width: 1024px) 100vw, 1024px\" \/><\/figure>\n\n\n\n<figure class=\"wp-block-image size-large\"><img loading=\"lazy\" decoding=\"async\" width=\"1024\" height=\"768\" data-id=\"6467\" src=\"https:\/\/www.orthomanufacture.com\/wp-content\/uploads\/2023\/04\/terrasse-1024x768.jpg\" alt=\"\" class=\"wp-image-6467\" srcset=\"https:\/\/www.orthomanufacture.com\/2023\/wp-content\/uploads\/sites\/11\/2023\/04\/terrasse-1024x768.jpg 1024w, https:\/\/www.orthomanufacture.com\/2023\/wp-content\/uploads\/sites\/11\/2023\/04\/terrasse-300x225.jpg 300w, https:\/\/www.orthomanufacture.com\/2023\/wp-content\/uploads\/sites\/11\/2023\/04\/terrasse-768x576.jpg 768w, https:\/\/www.orthomanufacture.com\/2023\/wp-content\/uploads\/sites\/11\/2023\/04\/terrasse-600x450.jpg 600w, https:\/\/www.orthomanufacture.com\/2023\/wp-content\/uploads\/sites\/11\/2023\/04\/terrasse.jpg 1200w\" sizes=\"auto, (max-width: 1024px) 100vw, 1024px\" \/><\/figure>\n\n\n\n<figure class=\"wp-block-image size-large\"><img loading=\"lazy\" decoding=\"async\" width=\"768\" height=\"1024\" data-id=\"6464\" src=\"https:\/\/www.orthomanufacture.com\/wp-content\/uploads\/2023\/04\/IMG20220922161549-768x1024.jpg\" alt=\"\" class=\"wp-image-6464\" srcset=\"https:\/\/www.orthomanufacture.com\/2023\/wp-content\/uploads\/sites\/11\/2023\/04\/IMG20220922161549-768x1024.jpg 768w, https:\/\/www.orthomanufacture.com\/2023\/wp-content\/uploads\/sites\/11\/2023\/04\/IMG20220922161549-225x300.jpg 225w, https:\/\/www.orthomanufacture.com\/2023\/wp-content\/uploads\/sites\/11\/2023\/04\/IMG20220922161549-600x800.jpg 600w, https:\/\/www.orthomanufacture.com\/2023\/wp-content\/uploads\/sites\/11\/2023\/04\/IMG20220922161549.jpg 900w\" sizes=\"auto, (max-width: 768px) 100vw, 768px\" \/><\/figure>\n\n\n\n<figure class=\"wp-block-image size-large\"><img loading=\"lazy\" decoding=\"async\" width=\"1024\" height=\"768\" data-id=\"6462\" src=\"https:\/\/www.orthomanufacture.com\/wp-content\/uploads\/2023\/04\/IMG_20230203_173455-1024x768.jpg\" alt=\"\" class=\"wp-image-6462\" srcset=\"https:\/\/www.orthomanufacture.com\/2023\/wp-content\/uploads\/sites\/11\/2023\/04\/IMG_20230203_173455-1024x768.jpg 1024w, https:\/\/www.orthomanufacture.com\/2023\/wp-content\/uploads\/sites\/11\/2023\/04\/IMG_20230203_173455-300x225.jpg 300w, https:\/\/www.orthomanufacture.com\/2023\/wp-content\/uploads\/sites\/11\/2023\/04\/IMG_20230203_173455-768x576.jpg 768w, https:\/\/www.orthomanufacture.com\/2023\/wp-content\/uploads\/sites\/11\/2023\/04\/IMG_20230203_173455-600x450.jpg 600w, https:\/\/www.orthomanufacture.com\/2023\/wp-content\/uploads\/sites\/11\/2023\/04\/IMG_20230203_173455.jpg 1200w\" sizes=\"auto, (max-width: 1024px) 100vw, 1024px\" \/><\/figure>\n\n\n\n<figure class=\"wp-block-image size-large\"><img loading=\"lazy\" decoding=\"async\" width=\"1024\" height=\"683\" data-id=\"6461\" src=\"https:\/\/www.orthomanufacture.com\/wp-content\/uploads\/2023\/04\/IMG_0330-1024x683.jpg\" alt=\"\" class=\"wp-image-6461\" srcset=\"https:\/\/www.orthomanufacture.com\/2023\/wp-content\/uploads\/sites\/11\/2023\/04\/IMG_0330-1024x683.jpg 1024w, https:\/\/www.orthomanufacture.com\/2023\/wp-content\/uploads\/sites\/11\/2023\/04\/IMG_0330-300x200.jpg 300w, https:\/\/www.orthomanufacture.com\/2023\/wp-content\/uploads\/sites\/11\/2023\/04\/IMG_0330-768x512.jpg 768w, https:\/\/www.orthomanufacture.com\/2023\/wp-content\/uploads\/sites\/11\/2023\/04\/IMG_0330-120x80.jpg 120w, https:\/\/www.orthomanufacture.com\/2023\/wp-content\/uploads\/sites\/11\/2023\/04\/IMG_0330-600x400.jpg 600w, https:\/\/www.orthomanufacture.com\/2023\/wp-content\/uploads\/sites\/11\/2023\/04\/IMG_0330.jpg 1200w\" sizes=\"auto, (max-width: 1024px) 100vw, 1024px\" \/><\/figure>\n\n\n\n<figure class=\"wp-block-image size-large\"><img loading=\"lazy\" decoding=\"async\" width=\"1024\" height=\"340\" data-id=\"6463\" src=\"https:\/\/www.orthomanufacture.com\/wp-content\/uploads\/2023\/04\/IMG-20221215-WA00022-1024x340.jpg\" alt=\"\" class=\"wp-image-6463\" srcset=\"https:\/\/www.orthomanufacture.com\/2023\/wp-content\/uploads\/sites\/11\/2023\/04\/IMG-20221215-WA00022-1024x340.jpg 1024w, https:\/\/www.orthomanufacture.com\/2023\/wp-content\/uploads\/sites\/11\/2023\/04\/IMG-20221215-WA00022-300x100.jpg 300w, https:\/\/www.orthomanufacture.com\/2023\/wp-content\/uploads\/sites\/11\/2023\/04\/IMG-20221215-WA00022-768x255.jpg 768w, https:\/\/www.orthomanufacture.com\/2023\/wp-content\/uploads\/sites\/11\/2023\/04\/IMG-20221215-WA00022-600x199.jpg 600w, https:\/\/www.orthomanufacture.com\/2023\/wp-content\/uploads\/sites\/11\/2023\/04\/IMG-20221215-WA00022.jpg 1200w\" sizes=\"auto, (max-width: 1024px) 100vw, 1024px\" \/><\/figure>\n<\/figure>\n","protected":false},"excerpt":{"rendered":"<p>Notre soir\u00e9e conviviale aura lieu le soir du premier jour, le mercredi 26 avril 2023 \u00e0 partir de 19H00, et se d\u00e9roulera \u00e0 l&rsquo;Union Viticole De Cully Pour ceux qui se seront inscrits, des guides de l&rsquo;Unesco seront l\u00e0 pour vous faire visiter les vignes, vous expliqueront pourquoi ce vignoble est inscrit au Patrimoine de [&hellip;]<\/p>\n","protected":false},"author":1,"featured_media":0,"parent":0,"menu_order":7,"comment_status":"closed","ping_status":"closed","template":"","meta":{"footnotes":""},"class_list":["post-5486","page","type-page","status-publish","hentry"],"acf":[],"_links":{"self":[{"href":"https:\/\/www.orthomanufacture.com\/2023\/wp-json\/wp\/v2\/pages\/5486","targetHints":{"allow":["GET"]}}],"collection":[{"href":"https:\/\/www.orthomanufacture.com\/2023\/wp-json\/wp\/v2\/pages"}],"about":[{"href":"https:\/\/www.orthomanufacture.com\/2023\/wp-json\/wp\/v2\/types\/page"}],"author":[{"embeddable":true,"href":"https:\/\/www.orthomanufacture.com\/2023\/wp-json\/wp\/v2\/users\/1"}],"replies":[{"embeddable":true,"href":"https:\/\/www.orthomanufacture.com\/2023\/wp-json\/wp\/v2\/comments?post=5486"}],"version-history":[{"count":0,"href":"https:\/\/www.orthomanufacture.com\/2023\/wp-json\/wp\/v2\/pages\/5486\/revisions"}],"wp:attachment":[{"href":"https:\/\/www.orthomanufacture.com\/2023\/wp-json\/wp\/v2\/media?parent=5486"}],"curies":[{"name":"wp","href":"https:\/\/api.w.org\/{rel}","templated":true}]}}