{"id":3486,"date":"2019-10-29T09:05:06","date_gmt":"2019-10-29T08:05:06","guid":{"rendered":"https:\/\/www.orthomanufacture.com\/?page_id=3486"},"modified":"2023-03-30T19:50:30","modified_gmt":"2023-03-30T17:50:30","slug":"anmeldung","status":"publish","type":"page","link":"https:\/\/www.orthomanufacture.com\/2023\/de\/anmeldung\/","title":{"rendered":"Anmeldung"},"content":{"rendered":"\n<div style=\"height:30px\" aria-hidden=\"true\" class=\"wp-block-spacer\"><\/div>\n\n\n\n<p class=\"has-text-align-left\"><strong>Um sich zu registrieren, w\u00e4hlen Sie unten Ihre Formel aus und folgen Sie dem Link f\u00fcr die Zahlung.<\/strong><\/p>\n\n\n\n<p class=\"has-text-align-left\">Der Eintritt zur Show als Einzelbesucher betr\u00e4gt 30 \u20ac, inklusive Mittagessen und Catering.<\/p>\n\n\n\n<p class=\"has-text-align-left\">Bei jeder Konferenzregistrierung als Gasth\u00f6rer sind Mittagessen und Verpflegung inbegriffen.<\/p>\n\n\n\n<p class=\"has-text-align-left\">Bei Anmeldungen zum vollen Preis f\u00fcr Konferenzen \u00fcber 1 oder 2 Tage, und nur f\u00fcr diese Positionen, gelten f\u00fcr mehrere Personen desselben Unternehmens erm\u00e4\u00dfigte Preise. Auf den niedrigsten Preis wird eine Erm\u00e4\u00dfigung von 20 % f\u00fcr den zweiten Teilnehmer, von 30 % f\u00fcr den dritten und von 40 % f\u00fcr den vierten angewendet. Der f\u00fcnfte Teilnehmer ist kostenlos! <\/p>\n\n\n\n<p class=\"has-text-align-left\">Diese Erm\u00e4\u00dfigungen k\u00f6nnen nicht \u00fcber die Webseite gew\u00e4hrt werden.<\/p>\n\n\n\n<p class=\"has-text-align-left\">Daher m\u00fcssen Sie uns in all diesen F\u00e4llen dieses ausgef\u00fcllte <a href=\"https:\/\/www.orthomanufacture.com\/wp-content\/uploads\/2022\/10\/FORM-REGISTRATION-VISITOR-ORTHOMANUFACTURE-2023.xls\" target=\"_blank\" rel=\"noreferrer noopener\"><strong><span style=\"color: #0693e3\" class=\"stk-highlight\">FORMULAR<\/span><\/strong><\/a> zusenden und es per E-Mail <a href=\"mailto:contact@orthomanufacutre.com\" target=\"_blank\" rel=\"noreferrer noopener\"><strong><span style=\"color: #0693e3\" class=\"stk-highlight\">contact@orthomanufacutre.com<\/span><\/strong><\/a> an uns senden, um sich zu registrieren. Eine Rechnung und ein Zahlungslink werden Ihnen dann zugesandt, um Ihre Registrierung abzuschlie\u00dfen.<\/p>\n\n\n\n<p><strong>Keine Badges zum Ausdrucken, diese werden von uns vorbereitet und sind am Empfang der Messe erh\u00e4ltlich. Sie m\u00fcssen nur Ihren Namen ablehnen, um ihn abzurufen.<\/strong><\/p>\n\n\n\n<p class=\"has-text-align-left\">Wir danken Ihnen f\u00fcr Ihr Verst\u00e4ndnis.<\/p>\n\n\n\n<p class=\"has-text-align-left has-medium-font-size\"><\/p>\n\n\n\n<div style=\"height:30px\" aria-hidden=\"true\" class=\"wp-block-spacer\"><\/div>\n\n\n\n<p class=\"has-text-align-left\"><\/p>\n","protected":false},"excerpt":{"rendered":"<p>Um sich zu registrieren, w\u00e4hlen Sie unten Ihre Formel aus und folgen Sie dem Link f\u00fcr die Zahlung. Der Eintritt zur Show als Einzelbesucher betr\u00e4gt 30 \u20ac, inklusive Mittagessen und Catering. Bei jeder Konferenzregistrierung als Gasth\u00f6rer sind Mittagessen und Verpflegung inbegriffen. Bei Anmeldungen zum vollen Preis f\u00fcr Konferenzen \u00fcber 1 oder 2 Tage, und nur [&hellip;]<\/p>\n","protected":false},"author":1,"featured_media":0,"parent":0,"menu_order":21,"comment_status":"closed","ping_status":"closed","template":"template_formulaire.php","meta":{"footnotes":""},"class_list":["post-3486","page","type-page","status-publish","hentry"],"acf":[],"_links":{"self":[{"href":"https:\/\/www.orthomanufacture.com\/2023\/wp-json\/wp\/v2\/pages\/3486","targetHints":{"allow":["GET"]}}],"collection":[{"href":"https:\/\/www.orthomanufacture.com\/2023\/wp-json\/wp\/v2\/pages"}],"about":[{"href":"https:\/\/www.orthomanufacture.com\/2023\/wp-json\/wp\/v2\/types\/page"}],"author":[{"embeddable":true,"href":"https:\/\/www.orthomanufacture.com\/2023\/wp-json\/wp\/v2\/users\/1"}],"replies":[{"embeddable":true,"href":"https:\/\/www.orthomanufacture.com\/2023\/wp-json\/wp\/v2\/comments?post=3486"}],"version-history":[{"count":0,"href":"https:\/\/www.orthomanufacture.com\/2023\/wp-json\/wp\/v2\/pages\/3486\/revisions"}],"wp:attachment":[{"href":"https:\/\/www.orthomanufacture.com\/2023\/wp-json\/wp\/v2\/media?parent=3486"}],"curies":[{"name":"wp","href":"https:\/\/api.w.org\/{rel}","templated":true}]}}