{"id":2854,"date":"2019-05-27T14:30:28","date_gmt":"2019-05-27T12:30:28","guid":{"rendered":"https:\/\/www.orthomanufacture.com\/?page_id=2854"},"modified":"2022-12-27T14:43:56","modified_gmt":"2022-12-27T13:43:56","slug":"die-messe","status":"publish","type":"page","link":"https:\/\/www.orthomanufacture.com\/2023\/de\/die-messe\/","title":{"rendered":"Die Messe"},"content":{"rendered":"\n<div class=\"wp-block-ugb-container ugb-container ugb-7395368 ugb-container--v2 ugb-container--design-basic ugb-main-block\"><style>.ugb-7395368-wrapper.ugb-container__wrapper{border-radius:12px !important;background-color:#f1f1f1 !important}.ugb-7395368-wrapper.ugb-container__wrapper:before{background-color:#f1f1f1 !important}.ugb-7395368-content-wrapper > h1,.ugb-7395368-content-wrapper > h2,.ugb-7395368-content-wrapper > h3,.ugb-7395368-content-wrapper > h4,.ugb-7395368-content-wrapper > h5,.ugb-7395368-content-wrapper > h6{color:#222222}.ugb-7395368-content-wrapper > p,.ugb-7395368-content-wrapper > ol li,.ugb-7395368-content-wrapper > ul li{color:#222222}@media screen and (min-width:768px){.ugb-7395368-content-wrapper.ugb-container__content-wrapper{width:100% !important}}<\/style><div class=\"ugb-inner-block\"><div class=\"ugb-block-content\"><div class=\"ugb-container__wrapper ugb-7395368-wrapper ugb--shadow-3\"><div class=\"ugb-container__side\"><div class=\"ugb-container__content-wrapper ugb-7395368-content-wrapper\">\n<p class=\"has-medium-font-size\"><strong>ORTHOMANUFACTURE ist eine j\u00e4hrliche Fachmesse, die alle zwei Jahre in Frankreich und der Schweiz stattfindet. 2023 R\u00fcckkehr in die Schweiz, nach Lausanne, ins Kongresszentrum Beaulieu. <\/strong><\/p>\n\n\n\n<p><strong>Der Ausstellungsteil erm\u00f6glicht Begegnungen, Austausch, Teilen. Aussteller und Organisatoren hei\u00dfen Sie in einem professionellen und freundlichen Rahmen willkommen.<\/strong><\/p>\n\n\n\n<div style=\"height:20px\" aria-hidden=\"true\" class=\"wp-block-spacer\"><\/div>\n\n\n\n<p>Die ORTHOMANUFACTURE vereint Firmen aus den folgenden Bereichen zur selben Zeit am selben Ort: Implantate und Instrumente f\u00fcr die Orthop\u00e4die, Traumatologie, Wirbels\u00e4ule und Zahnmedizin.<\/p>\n\n\n\n<p>Treffen Sie Aussteller in den Bereichen Additive Fertigung, Giessen, Schmieden, Zerspanung, Oberfl\u00e4chenbeschichtung, Veredelung, Verpackung, Rohstoffe, Kontrolle, Pr\u00fcfung, Labor, Oberfl\u00e4chencharakterisierung etc.<\/p>\n\n\n\n<p>200 bis 250 Besucher werden die 2 Tage nutzen, um ihr Netzwerk zu pflegen und zu erweitern: \u00c4rzte, Gesch\u00e4ftsf\u00fchrer, F&amp;E-Ingenieure, Projektleiter, Produktionsleiter, Eink\u00e4ufer, Handelsvertreter, Qualit\u00e4tssicherungsspezialisten etc.<\/p>\n\n\n\n<p>Die Messe bietet eine optimale M\u00f6glichkeit, sich mit Entscheidungstr\u00e4gern \u00fcber die technischen, medizinischen und gesetzlichen Fortschritte auszutauschen.<\/p>\n\n\n\n<div style=\"height:20px\" aria-hidden=\"true\" class=\"wp-block-spacer\"><\/div>\n\n\n\n<p><\/p>\n\n\n\n<p>Au\u00dferdem bieten wir ein unterhaltsames Abendprogramm f\u00fcr alle Teilnehmer, Referenten und Aussteller an. Es ist eine tolle Gelegenheit, weitere Kontakte zu kn\u00fcpfen, sowie die Gespr\u00e4che des Tages in einem entspannteren Rahmen weiterzuf\u00fchren.<\/p>\n<\/div><\/div><\/div><\/div><\/div><\/div>\n","protected":false},"excerpt":{"rendered":"","protected":false},"author":1,"featured_media":0,"parent":0,"menu_order":30,"comment_status":"closed","ping_status":"closed","template":"page.php","meta":{"footnotes":""},"class_list":["post-2854","page","type-page","status-publish","hentry"],"acf":[],"_links":{"self":[{"href":"https:\/\/www.orthomanufacture.com\/2023\/wp-json\/wp\/v2\/pages\/2854","targetHints":{"allow":["GET"]}}],"collection":[{"href":"https:\/\/www.orthomanufacture.com\/2023\/wp-json\/wp\/v2\/pages"}],"about":[{"href":"https:\/\/www.orthomanufacture.com\/2023\/wp-json\/wp\/v2\/types\/page"}],"author":[{"embeddable":true,"href":"https:\/\/www.orthomanufacture.com\/2023\/wp-json\/wp\/v2\/users\/1"}],"replies":[{"embeddable":true,"href":"https:\/\/www.orthomanufacture.com\/2023\/wp-json\/wp\/v2\/comments?post=2854"}],"version-history":[{"count":0,"href":"https:\/\/www.orthomanufacture.com\/2023\/wp-json\/wp\/v2\/pages\/2854\/revisions"}],"wp:attachment":[{"href":"https:\/\/www.orthomanufacture.com\/2023\/wp-json\/wp\/v2\/media?parent=2854"}],"curies":[{"name":"wp","href":"https:\/\/api.w.org\/{rel}","templated":true}]}}