{"id":2849,"date":"2019-05-27T14:27:52","date_gmt":"2019-05-27T12:27:52","guid":{"rendered":"https:\/\/www.orthomanufacture.com\/2022\/?page_id=2849"},"modified":"2022-04-28T08:44:08","modified_gmt":"2022-04-28T06:44:08","slug":"aussteller","status":"publish","type":"page","link":"https:\/\/www.orthomanufacture.com\/2022\/de\/aussteller\/","title":{"rendered":"Unsere Aussteller 2022"},"content":{"rendered":"\n<div class=\"wp-block-stackable-text stk-block-text stk-block stk-551c2c5\" data-block-id=\"551c2c5\"><p class=\"stk-block-text__text has-text-align-center\"><span style=\"color: #0693e3\" class=\"stk-highlight\"><strong>Unsere Partner<\/strong><\/span><\/p><\/div>\n\n\n\n<div class=\"wp-block-columns is-layout-flex wp-container-core-columns-is-layout-9d6595d7 wp-block-columns-is-layout-flex\">\n<div class=\"wp-block-column is-layout-flow wp-block-column-is-layout-flow\">\n<div class=\"wp-block-image\"><figure class=\"aligncenter size-full is-resized\"><a href=\"https:\/\/bioalps.org\/\" target=\"_blank\" rel=\"noopener\"><img loading=\"lazy\" decoding=\"async\" src=\"https:\/\/www.orthomanufacture.com\/2022\/wp-content\/uploads\/sites\/9\/2022\/02\/BioAlps_SBAProfilPic.png\" alt=\"\" class=\"wp-image-5051\" width=\"76\" height=\"76\" srcset=\"https:\/\/www.orthomanufacture.com\/2022\/wp-content\/uploads\/sites\/9\/2022\/02\/BioAlps_SBAProfilPic.png 500w, https:\/\/www.orthomanufacture.com\/2022\/wp-content\/uploads\/sites\/9\/2022\/02\/BioAlps_SBAProfilPic-300x300.png 300w, https:\/\/www.orthomanufacture.com\/2022\/wp-content\/uploads\/sites\/9\/2022\/02\/BioAlps_SBAProfilPic-150x150.png 150w, https:\/\/www.orthomanufacture.com\/2022\/wp-content\/uploads\/sites\/9\/2022\/02\/BioAlps_SBAProfilPic-100x100.png 100w\" sizes=\"auto, (max-width: 76px) 100vw, 76px\" \/><\/a><\/figure><\/div>\n<\/div>\n\n\n\n<div class=\"wp-block-column is-layout-flow wp-block-column-is-layout-flow\">\n<div class=\"wp-block-image\"><figure class=\"aligncenter size-full is-resized\"><a href=\"https:\/\/www.devicemed.fr\/\" target=\"_blank\" rel=\"noopener\"><img loading=\"lazy\" decoding=\"async\" src=\"https:\/\/www.orthomanufacture.com\/2022\/wp-content\/uploads\/sites\/9\/2019\/06\/LOGO-DeviceMed-France_Logo-300x89.jpg\" alt=\"\" class=\"wp-image-2999\" width=\"121\" height=\"36\" \/><\/a><\/figure><\/div>\n<\/div>\n\n\n\n<div class=\"wp-block-column is-layout-flow wp-block-column-is-layout-flow\">\n<div class=\"wp-block-image\"><figure class=\"aligncenter size-large is-resized\"><a href=\"http:\/\/www.medicaltechoutlook.com\" target=\"_blank\" rel=\"noopener\"><img loading=\"lazy\" decoding=\"async\" src=\"https:\/\/www.orthomanufacture.com\/2022\/wp-content\/uploads\/sites\/9\/2022\/04\/LOGO-MedTech-Outlook-1024x304.png\" alt=\"\" class=\"wp-image-5327\" width=\"103\" height=\"30\" srcset=\"https:\/\/www.orthomanufacture.com\/2022\/wp-content\/uploads\/sites\/9\/2022\/04\/LOGO-MedTech-Outlook-1024x304.png 1024w, https:\/\/www.orthomanufacture.com\/2022\/wp-content\/uploads\/sites\/9\/2022\/04\/LOGO-MedTech-Outlook-300x89.png 300w, https:\/\/www.orthomanufacture.com\/2022\/wp-content\/uploads\/sites\/9\/2022\/04\/LOGO-MedTech-Outlook-768x228.png 768w, https:\/\/www.orthomanufacture.com\/2022\/wp-content\/uploads\/sites\/9\/2022\/04\/LOGO-MedTech-Outlook-600x178.png 600w, https:\/\/www.orthomanufacture.com\/2022\/wp-content\/uploads\/sites\/9\/2022\/04\/LOGO-MedTech-Outlook.png 1200w\" sizes=\"auto, (max-width: 103px) 100vw, 103px\" \/><\/a><\/figure><\/div>\n<\/div>\n\n\n\n<div class=\"wp-block-column is-layout-flow wp-block-column-is-layout-flow\">\n<div class=\"wp-block-image\"><figure class=\"aligncenter size-full is-resized\"><a href=\"https:\/\/www.mines-stetienne.fr\/\" target=\"_blank\" rel=\"noopener\"><img loading=\"lazy\" decoding=\"async\" src=\"https:\/\/www.orthomanufacture.com\/2022\/wp-content\/uploads\/sites\/9\/2022\/02\/Mines_Saint_Etienne_IMT_RVB-02-2022.png\" alt=\"\" class=\"wp-image-4873\" width=\"90\" height=\"90\" srcset=\"https:\/\/www.orthomanufacture.com\/2022\/wp-content\/uploads\/sites\/9\/2022\/02\/Mines_Saint_Etienne_IMT_RVB-02-2022.png 250w, https:\/\/www.orthomanufacture.com\/2022\/wp-content\/uploads\/sites\/9\/2022\/02\/Mines_Saint_Etienne_IMT_RVB-02-2022-150x150.png 150w, https:\/\/www.orthomanufacture.com\/2022\/wp-content\/uploads\/sites\/9\/2022\/02\/Mines_Saint_Etienne_IMT_RVB-02-2022-100x100.png 100w\" sizes=\"auto, (max-width: 90px) 100vw, 90px\" \/><\/a><\/figure><\/div>\n<\/div>\n\n\n\n<div class=\"wp-block-column is-layout-flow wp-block-column-is-layout-flow\">\n<div class=\"wp-block-image\"><figure class=\"aligncenter size-full is-resized\"><a href=\"http:\/\/www.avicenne.com\/presentation_medical.php\" target=\"_blank\" rel=\"noopener\"><img loading=\"lazy\" decoding=\"async\" src=\"https:\/\/www.orthomanufacture.com\/2022\/wp-content\/uploads\/sites\/9\/2019\/06\/logo_avicenne_medical.png\" alt=\"avicenne medical\" class=\"wp-image-3221\" width=\"153\" height=\"49\" \/><\/a><\/figure><\/div>\n<\/div>\n\n\n\n<div class=\"wp-block-column is-layout-flow wp-block-column-is-layout-flow\">\n<div class=\"wp-block-image\"><figure class=\"aligncenter size-full is-resized\"><a href=\"https:\/\/orthocg.com\/\" target=\"_blank\" rel=\"noopener\"><img loading=\"lazy\" decoding=\"async\" src=\"https:\/\/www.orthomanufacture.com\/2022\/wp-content\/uploads\/sites\/9\/2022\/04\/LOGO-ORTHO-CONSULTING.png\" alt=\"\" class=\"wp-image-5320\" width=\"158\" height=\"46\" \/><\/a><\/figure><\/div>\n<\/div>\n<\/div>\n\n\n\n<div class=\"wp-block-stackable-columns stk-block-columns stk-block stk-08a55f7\" data-block-id=\"08a55f7\"><div class=\"stk-row stk-inner-blocks stk-block-content stk-content-align stk-08a55f7-column\">\n<div class=\"wp-block-stackable-column stk-block-column stk-column stk-block stk-0051508\" data-block-id=\"0051508\"><div class=\"stk-column-wrapper stk-block-column__content stk-container stk-0051508-container stk--no-background stk--no-padding\"><div class=\"stk-block-content stk-inner-blocks\">\n<div class=\"wp-block-buttons is-content-justification-center is-layout-flex wp-block-buttons-is-layout-flex\">\n<div class=\"wp-block-button\"><a class=\"wp-block-button__link has-black-color has-vivid-cyan-blue-background-color has-text-color has-background\" href=\"https:\/\/www.orthomanufacture.com\/2022\/wp-content\/uploads\/sites\/9\/2022\/02\/BOOKING-FORM-EXHIBITOR-2022-1.pdf\" target=\"_blank\" rel=\"noreferrer noopener\"><strong>Buchen Sie einen Standardstand<\/strong><\/a><\/div>\n<\/div>\n<\/div><\/div><\/div>\n\n\n\n<div class=\"wp-block-stackable-column stk-block-column stk-column stk-block stk-21bc601\" data-block-id=\"21bc601\"><div class=\"stk-column-wrapper stk-block-column__content stk-container stk-21bc601-container stk--no-background stk--no-padding\"><div class=\"stk-block-content stk-inner-blocks\">\n<div class=\"wp-block-buttons is-content-justification-center is-layout-flex wp-block-buttons-is-layout-flex\">\n<div class=\"wp-block-button\"><a class=\"wp-block-button__link has-black-color has-vivid-cyan-blue-background-color has-text-color has-background\" href=\"https:\/\/www.orthomanufacture.com\/2022\/wp-content\/uploads\/sites\/9\/2022\/02\/BOOKING-FORM-MINI-BOOTH-EXHIBITOR-2022.pdf\" target=\"_blank\" rel=\"noreferrer noopener\"><strong>Buchen Sie einen \u00ab\u00a0Mini-Stand\u00a0\u00bb<\/strong><\/a><\/div>\n<\/div>\n<\/div><\/div><\/div>\n\n\n\n<div class=\"wp-block-stackable-column stk-block-column stk-column stk-block stk-fd7b0c1\" data-block-id=\"fd7b0c1\"><div class=\"stk-column-wrapper stk-block-column__content stk-container stk-fd7b0c1-container stk--no-background stk--no-padding\"><div class=\"stk-block-content stk-inner-blocks\">\n<div class=\"wp-block-buttons is-content-justification-center is-layout-flex wp-block-buttons-is-layout-flex\">\n<div class=\"wp-block-button\"><a class=\"wp-block-button__link has-black-color has-vivid-cyan-blue-background-color has-text-color has-background\" href=\"https:\/\/www.orthomanufacture.com\/2022\/wp-content\/uploads\/sites\/9\/2022\/01\/LISTE-EXPOSANTS-OTM-TOUTES-ANNEES-SIMPLE-12-2021.pdf\" target=\"_blank\" rel=\"noreferrer noopener\"><strong>Siehe Austeller der Vorjahre<\/strong><\/a><\/div>\n<\/div>\n<\/div><\/div><\/div>\n<\/div><\/div>\n\n\n\n<p>Die Teilnahmebedingungen als Aussteller sind oben im Buchungsformular angegeben.<\/p>\n\n\n\n<p>Die Konferenzsitzungen werden etwa anderthalb Stunden dauern und in den Pausen werden die Aussteller von den Zuh\u00f6rern besucht. Nat\u00fcrlich werden Besucher, die nicht an den Konferenzen teilnehmen, den ganzen Tag \u00fcber frei unter Ihnen zirkulieren.<\/p>\n\n\n\n<p>Die Buffets f\u00fcr Kaffeepausen und Mahlzeiten sind an mehreren Stellen in der Messehalle angeordnet, so dass alle Besucher auf die St\u00e4nde verteilt sind. Sie werden niemanden \u201evermissen\u201c k\u00f6nnen!<\/p>\n\n\n\n<div class=\"wp-block-columns is-layout-flex wp-container-core-columns-is-layout-9d6595d7 wp-block-columns-is-layout-flex\">\n<div class=\"wp-block-column is-layout-flow wp-block-column-is-layout-flow\">\n<div class=\"wp-block-image\"><figure class=\"aligncenter size-large is-resized\"><a href=\"https:\/\/www.3dprecision.ch\/de\/\" target=\"_blank\" rel=\"noopener noreferrer\"><img loading=\"lazy\" decoding=\"async\" src=\"https:\/\/www.orthomanufacture.com\/2022\/wp-content\/uploads\/sites\/9\/2021\/02\/3dprecision-1024x487.jpg\" alt=\"\" class=\"wp-image-4124\" width=\"94\" height=\"44\" \/><\/a><\/figure><\/div>\n<\/div>\n\n\n\n<div class=\"wp-block-column is-layout-flow wp-block-column-is-layout-flow\">\n<div class=\"wp-block-image\"><figure class=\"aligncenter size-full is-resized\"><img loading=\"lazy\" decoding=\"async\" src=\"https:\/\/www.orthomanufacture.com\/2022\/wp-content\/uploads\/sites\/9\/2021\/04\/Ti-Oss-LOGO.png\" alt=\"\" class=\"wp-image-4412\" width=\"79\" height=\"52\" srcset=\"https:\/\/www.orthomanufacture.com\/2022\/wp-content\/uploads\/sites\/9\/2021\/04\/Ti-Oss-LOGO.png 690w, https:\/\/www.orthomanufacture.com\/2022\/wp-content\/uploads\/sites\/9\/2021\/04\/Ti-Oss-LOGO-300x199.png 300w, https:\/\/www.orthomanufacture.com\/2022\/wp-content\/uploads\/sites\/9\/2021\/04\/Ti-Oss-LOGO-120x80.png 120w, https:\/\/www.orthomanufacture.com\/2022\/wp-content\/uploads\/sites\/9\/2021\/04\/Ti-Oss-LOGO-600x397.png 600w\" sizes=\"auto, (max-width: 79px) 100vw, 79px\" \/><\/figure><\/div>\n<\/div>\n\n\n\n<div class=\"wp-block-column is-layout-flow wp-block-column-is-layout-flow\">\n<div class=\"wp-block-image\"><figure class=\"aligncenter size-full is-resized\"><img loading=\"lazy\" decoding=\"async\" src=\"https:\/\/www.orthomanufacture.com\/2022\/wp-content\/uploads\/sites\/9\/2022\/02\/Logo-vision.jpg\" alt=\"\" class=\"wp-image-4907\" width=\"98\" height=\"29\" srcset=\"https:\/\/www.orthomanufacture.com\/2022\/wp-content\/uploads\/sites\/9\/2022\/02\/Logo-vision.jpg 932w, https:\/\/www.orthomanufacture.com\/2022\/wp-content\/uploads\/sites\/9\/2022\/02\/Logo-vision-300x90.jpg 300w, https:\/\/www.orthomanufacture.com\/2022\/wp-content\/uploads\/sites\/9\/2022\/02\/Logo-vision-768x231.jpg 768w, https:\/\/www.orthomanufacture.com\/2022\/wp-content\/uploads\/sites\/9\/2022\/02\/Logo-vision-600x180.jpg 600w\" sizes=\"auto, (max-width: 98px) 100vw, 98px\" \/><\/figure><\/div>\n<\/div>\n\n\n\n<div class=\"wp-block-column is-layout-flow wp-block-column-is-layout-flow\">\n<div class=\"wp-block-image\"><figure class=\"aligncenter size-large is-resized\"><img loading=\"lazy\" decoding=\"async\" src=\"https:\/\/www.orthomanufacture.com\/2022\/wp-content\/uploads\/sites\/9\/2021\/03\/KONMED.png\" alt=\"\" class=\"wp-image-4308\" width=\"95\" height=\"34\" \/><\/figure><\/div>\n<\/div>\n\n\n\n<div class=\"wp-block-column is-layout-flow wp-block-column-is-layout-flow\">\n<div class=\"wp-block-image\"><figure class=\"aligncenter size-full is-resized\"><img decoding=\"async\" src=\"https:\/\/www.orthomanufacture.com\/2022\/wp-content\/uploads\/sites\/9\/2021\/04\/Logo-Certif.png\" alt=\"\" class=\"wp-image-4448\" width=\"-134\" height=\"-100\" srcset=\"https:\/\/www.orthomanufacture.com\/2022\/wp-content\/uploads\/sites\/9\/2021\/04\/Logo-Certif.png 945w, https:\/\/www.orthomanufacture.com\/2022\/wp-content\/uploads\/sites\/9\/2021\/04\/Logo-Certif-300x223.png 300w, https:\/\/www.orthomanufacture.com\/2022\/wp-content\/uploads\/sites\/9\/2021\/04\/Logo-Certif-768x571.png 768w, https:\/\/www.orthomanufacture.com\/2022\/wp-content\/uploads\/sites\/9\/2021\/04\/Logo-Certif-600x446.png 600w\" sizes=\"(max-width: 945px) 100vw, 945px\" \/><\/figure><\/div>\n<\/div>\n\n\n\n<div class=\"wp-block-column is-layout-flow wp-block-column-is-layout-flow\">\n<div class=\"wp-block-image\"><figure class=\"aligncenter size-full is-resized\"><img loading=\"lazy\" decoding=\"async\" src=\"https:\/\/www.orthomanufacture.com\/2022\/wp-content\/uploads\/sites\/9\/2022\/02\/Logo_MICROSTEEL.png\" alt=\"\" class=\"wp-image-5086\" width=\"106\" height=\"59\" \/><\/figure><\/div>\n<\/div>\n<\/div>\n\n\n\n<p><\/p>\n\n\n\n<p><\/p>\n\n\n\n<p><\/p>\n<style class=\"advgb-styles-renderer\">.stk-551c2c5{margin-bottom:6px !important}<\/style>","protected":false},"excerpt":{"rendered":"<p>Unsere Partner Die Teilnahmebedingungen als Aussteller sind oben im Buchungsformular angegeben. Die Konferenzsitzungen werden etwa anderthalb Stunden dauern und in den Pausen werden die Aussteller von den Zuh\u00f6rern besucht. Nat\u00fcrlich werden Besucher, die nicht an den Konferenzen teilnehmen, den ganzen Tag \u00fcber frei unter Ihnen zirkulieren. Die Buffets f\u00fcr Kaffeepausen und Mahlzeiten sind an mehreren [&hellip;]<\/p>\n","protected":false},"author":1,"featured_media":0,"parent":0,"menu_order":31,"comment_status":"closed","ping_status":"closed","template":"template_entreprises.php","meta":{"advgb_blocks_editor_width":"","advgb_blocks_columns_visual_guide":"","footnotes":""},"class_list":["post-2849","page","type-page","status-publish","hentry"],"acf":[],"featured_image_urls_v2":{"full":"","thumbnail":"","medium":"","medium_large":"","large":"","1536x1536":"","2048x2048":"","album-thumb":"","photo-thumb":""},"post_excerpt_stackable_v2":"<p>Unsere Partner Buchen Sie einen Standardstand Buchen Sie einen \u00ab\u00a0Mini-Stand\u00a0\u00bb Siehe Austeller der Vorjahre Die Teilnahmebedingungen als Aussteller sind oben im Buchungsformular angegeben. Die Konferenzsitzungen werden etwa anderthalb Stunden dauern und in den Pausen werden die Aussteller von den Zuh\u00f6rern besucht. Nat\u00fcrlich werden Besucher, die nicht an den Konferenzen teilnehmen, den ganzen Tag \u00fcber frei unter Ihnen zirkulieren. Die Buffets f\u00fcr Kaffeepausen und Mahlzeiten sind an mehreren Stellen in der Messehalle angeordnet, so dass alle Besucher auf die St\u00e4nde verteilt sind. Sie werden niemanden \u201evermissen\u201c k\u00f6nnen!<\/p>\n","category_list_v2":"","author_info_v2":{"name":"Les Imageurs","url":"https:\/\/www.orthomanufacture.com\/2022\/blog\/author\/ortho_imanufacture\/"},"comments_num_v2":"0 commentaire","yoast_head":"<!-- This site is optimized with the Yoast SEO plugin v27.5 - https:\/\/yoast.com\/product\/yoast-seo-wordpress\/ -->\n<title>Unsere Aussteller 2022 - 2022<\/title>\n<meta name=\"robots\" content=\"index, follow, max-snippet:-1, max-image-preview:large, max-video-preview:-1\" \/>\n<link rel=\"canonical\" href=\"https:\/\/www.orthomanufacture.com\/2022\/de\/aussteller\/\" \/>\n<meta property=\"og:locale\" content=\"fr_FR\" \/>\n<meta property=\"og:type\" content=\"article\" \/>\n<meta property=\"og:title\" content=\"Unsere Aussteller 2022 - 2022\" \/>\n<meta property=\"og:description\" content=\"Unsere Partner Die Teilnahmebedingungen als Aussteller sind oben im Buchungsformular angegeben. Die Konferenzsitzungen werden etwa anderthalb Stunden dauern und in den Pausen werden die Aussteller von den Zuh\u00f6rern besucht. Nat\u00fcrlich werden Besucher, die nicht an den Konferenzen teilnehmen, den ganzen Tag \u00fcber frei unter Ihnen zirkulieren. Die Buffets f\u00fcr Kaffeepausen und Mahlzeiten sind an mehreren [&hellip;]\" \/>\n<meta property=\"og:url\" content=\"https:\/\/www.orthomanufacture.com\/2022\/de\/aussteller\/\" \/>\n<meta property=\"og:site_name\" content=\"2022\" \/>\n<meta property=\"article:modified_time\" content=\"2022-04-28T06:44:08+00:00\" \/>\n<meta property=\"og:image\" content=\"https:\/\/www.orthomanufacture.com\/2022\/wp-content\/uploads\/sites\/9\/2022\/02\/BioAlps_SBAProfilPic.png\" \/>\n<meta name=\"twitter:card\" content=\"summary_large_image\" \/>\n<meta name=\"twitter:label1\" content=\"Dur\u00e9e de lecture estim\u00e9e\" \/>\n\t<meta name=\"twitter:data1\" content=\"3 minutes\" \/>\n<script type=\"application\/ld+json\" class=\"yoast-schema-graph\">{\"@context\":\"https:\\\/\\\/schema.org\",\"@graph\":[{\"@type\":\"WebPage\",\"@id\":\"https:\\\/\\\/www.orthomanufacture.com\\\/2022\\\/de\\\/aussteller\\\/\",\"url\":\"https:\\\/\\\/www.orthomanufacture.com\\\/2022\\\/de\\\/aussteller\\\/\",\"name\":\"Unsere Aussteller 2022 - 2022\",\"isPartOf\":{\"@id\":\"https:\\\/\\\/www.orthomanufacture.com\\\/2022\\\/#website\"},\"primaryImageOfPage\":{\"@id\":\"https:\\\/\\\/www.orthomanufacture.com\\\/2022\\\/de\\\/aussteller\\\/#primaryimage\"},\"image\":{\"@id\":\"https:\\\/\\\/www.orthomanufacture.com\\\/2022\\\/de\\\/aussteller\\\/#primaryimage\"},\"thumbnailUrl\":\"https:\\\/\\\/www.orthomanufacture.com\\\/2022\\\/wp-content\\\/uploads\\\/sites\\\/9\\\/2022\\\/02\\\/BioAlps_SBAProfilPic.png\",\"datePublished\":\"2019-05-27T12:27:52+00:00\",\"dateModified\":\"2022-04-28T06:44:08+00:00\",\"breadcrumb\":{\"@id\":\"https:\\\/\\\/www.orthomanufacture.com\\\/2022\\\/de\\\/aussteller\\\/#breadcrumb\"},\"inLanguage\":\"fr-FR\",\"potentialAction\":[{\"@type\":\"ReadAction\",\"target\":[\"https:\\\/\\\/www.orthomanufacture.com\\\/2022\\\/de\\\/aussteller\\\/\"]}]},{\"@type\":\"ImageObject\",\"inLanguage\":\"fr-FR\",\"@id\":\"https:\\\/\\\/www.orthomanufacture.com\\\/2022\\\/de\\\/aussteller\\\/#primaryimage\",\"url\":\"https:\\\/\\\/www.orthomanufacture.com\\\/2022\\\/wp-content\\\/uploads\\\/sites\\\/9\\\/2022\\\/02\\\/BioAlps_SBAProfilPic.png\",\"contentUrl\":\"https:\\\/\\\/www.orthomanufacture.com\\\/2022\\\/wp-content\\\/uploads\\\/sites\\\/9\\\/2022\\\/02\\\/BioAlps_SBAProfilPic.png\",\"width\":500,\"height\":500},{\"@type\":\"BreadcrumbList\",\"@id\":\"https:\\\/\\\/www.orthomanufacture.com\\\/2022\\\/de\\\/aussteller\\\/#breadcrumb\",\"itemListElement\":[{\"@type\":\"ListItem\",\"position\":1,\"name\":\"Accueil\",\"item\":\"https:\\\/\\\/www.orthomanufacture.com\\\/2022\\\/fr\\\/\"},{\"@type\":\"ListItem\",\"position\":2,\"name\":\"Unsere Aussteller 2022\"}]},{\"@type\":\"WebSite\",\"@id\":\"https:\\\/\\\/www.orthomanufacture.com\\\/2022\\\/#website\",\"url\":\"https:\\\/\\\/www.orthomanufacture.com\\\/2022\\\/\",\"name\":\"2022\",\"description\":\"SALON D\u00c9DI\u00c9 AUX INDUSTRIES DE LA FILI\u00c8RE DES IMPLANTS ET INSTRUMENTS EN ORTHOP\u00c9DIE, TRAUMATOLOGIE, RACHIS, DENTAIRE\",\"publisher\":{\"@id\":\"https:\\\/\\\/www.orthomanufacture.com\\\/2022\\\/#organization\"},\"potentialAction\":[{\"@type\":\"SearchAction\",\"target\":{\"@type\":\"EntryPoint\",\"urlTemplate\":\"https:\\\/\\\/www.orthomanufacture.com\\\/2022\\\/?s={search_term_string}\"},\"query-input\":{\"@type\":\"PropertyValueSpecification\",\"valueRequired\":true,\"valueName\":\"search_term_string\"}}],\"inLanguage\":\"fr-FR\"},{\"@type\":\"Organization\",\"@id\":\"https:\\\/\\\/www.orthomanufacture.com\\\/2022\\\/#organization\",\"name\":\"2022\",\"url\":\"https:\\\/\\\/www.orthomanufacture.com\\\/2022\\\/\",\"logo\":{\"@type\":\"ImageObject\",\"inLanguage\":\"fr-FR\",\"@id\":\"https:\\\/\\\/www.orthomanufacture.com\\\/2022\\\/#\\\/schema\\\/logo\\\/image\\\/\",\"url\":\"https:\\\/\\\/www.orthomanufacture.com\\\/2022\\\/wp-content\\\/uploads\\\/sites\\\/9\\\/2019\\\/07\\\/logo-orthomanufacture-blanc.png\",\"contentUrl\":\"https:\\\/\\\/www.orthomanufacture.com\\\/2022\\\/wp-content\\\/uploads\\\/sites\\\/9\\\/2019\\\/07\\\/logo-orthomanufacture-blanc.png\",\"width\":413,\"height\":40,\"caption\":\"2022\"},\"image\":{\"@id\":\"https:\\\/\\\/www.orthomanufacture.com\\\/2022\\\/#\\\/schema\\\/logo\\\/image\\\/\"}}]}<\/script>\n<!-- \/ Yoast SEO plugin. -->","yoast_head_json":{"title":"Unsere Aussteller 2022 - 2022","robots":{"index":"index","follow":"follow","max-snippet":"max-snippet:-1","max-image-preview":"max-image-preview:large","max-video-preview":"max-video-preview:-1"},"canonical":"https:\/\/www.orthomanufacture.com\/2022\/de\/aussteller\/","og_locale":"fr_FR","og_type":"article","og_title":"Unsere Aussteller 2022 - 2022","og_description":"Unsere Partner Die Teilnahmebedingungen als Aussteller sind oben im Buchungsformular angegeben. Die Konferenzsitzungen werden etwa anderthalb Stunden dauern und in den Pausen werden die Aussteller von den Zuh\u00f6rern besucht. Nat\u00fcrlich werden Besucher, die nicht an den Konferenzen teilnehmen, den ganzen Tag \u00fcber frei unter Ihnen zirkulieren. Die Buffets f\u00fcr Kaffeepausen und Mahlzeiten sind an mehreren [&hellip;]","og_url":"https:\/\/www.orthomanufacture.com\/2022\/de\/aussteller\/","og_site_name":"2022","article_modified_time":"2022-04-28T06:44:08+00:00","og_image":[{"url":"https:\/\/www.orthomanufacture.com\/2022\/wp-content\/uploads\/sites\/9\/2022\/02\/BioAlps_SBAProfilPic.png","type":"","width":"","height":""}],"twitter_card":"summary_large_image","twitter_misc":{"Dur\u00e9e de lecture estim\u00e9e":"3 minutes"},"schema":{"@context":"https:\/\/schema.org","@graph":[{"@type":"WebPage","@id":"https:\/\/www.orthomanufacture.com\/2022\/de\/aussteller\/","url":"https:\/\/www.orthomanufacture.com\/2022\/de\/aussteller\/","name":"Unsere Aussteller 2022 - 2022","isPartOf":{"@id":"https:\/\/www.orthomanufacture.com\/2022\/#website"},"primaryImageOfPage":{"@id":"https:\/\/www.orthomanufacture.com\/2022\/de\/aussteller\/#primaryimage"},"image":{"@id":"https:\/\/www.orthomanufacture.com\/2022\/de\/aussteller\/#primaryimage"},"thumbnailUrl":"https:\/\/www.orthomanufacture.com\/2022\/wp-content\/uploads\/sites\/9\/2022\/02\/BioAlps_SBAProfilPic.png","datePublished":"2019-05-27T12:27:52+00:00","dateModified":"2022-04-28T06:44:08+00:00","breadcrumb":{"@id":"https:\/\/www.orthomanufacture.com\/2022\/de\/aussteller\/#breadcrumb"},"inLanguage":"fr-FR","potentialAction":[{"@type":"ReadAction","target":["https:\/\/www.orthomanufacture.com\/2022\/de\/aussteller\/"]}]},{"@type":"ImageObject","inLanguage":"fr-FR","@id":"https:\/\/www.orthomanufacture.com\/2022\/de\/aussteller\/#primaryimage","url":"https:\/\/www.orthomanufacture.com\/2022\/wp-content\/uploads\/sites\/9\/2022\/02\/BioAlps_SBAProfilPic.png","contentUrl":"https:\/\/www.orthomanufacture.com\/2022\/wp-content\/uploads\/sites\/9\/2022\/02\/BioAlps_SBAProfilPic.png","width":500,"height":500},{"@type":"BreadcrumbList","@id":"https:\/\/www.orthomanufacture.com\/2022\/de\/aussteller\/#breadcrumb","itemListElement":[{"@type":"ListItem","position":1,"name":"Accueil","item":"https:\/\/www.orthomanufacture.com\/2022\/fr\/"},{"@type":"ListItem","position":2,"name":"Unsere Aussteller 2022"}]},{"@type":"WebSite","@id":"https:\/\/www.orthomanufacture.com\/2022\/#website","url":"https:\/\/www.orthomanufacture.com\/2022\/","name":"2022","description":"SALON D\u00c9DI\u00c9 AUX INDUSTRIES DE LA FILI\u00c8RE DES IMPLANTS ET INSTRUMENTS EN ORTHOP\u00c9DIE, TRAUMATOLOGIE, RACHIS, DENTAIRE","publisher":{"@id":"https:\/\/www.orthomanufacture.com\/2022\/#organization"},"potentialAction":[{"@type":"SearchAction","target":{"@type":"EntryPoint","urlTemplate":"https:\/\/www.orthomanufacture.com\/2022\/?s={search_term_string}"},"query-input":{"@type":"PropertyValueSpecification","valueRequired":true,"valueName":"search_term_string"}}],"inLanguage":"fr-FR"},{"@type":"Organization","@id":"https:\/\/www.orthomanufacture.com\/2022\/#organization","name":"2022","url":"https:\/\/www.orthomanufacture.com\/2022\/","logo":{"@type":"ImageObject","inLanguage":"fr-FR","@id":"https:\/\/www.orthomanufacture.com\/2022\/#\/schema\/logo\/image\/","url":"https:\/\/www.orthomanufacture.com\/2022\/wp-content\/uploads\/sites\/9\/2019\/07\/logo-orthomanufacture-blanc.png","contentUrl":"https:\/\/www.orthomanufacture.com\/2022\/wp-content\/uploads\/sites\/9\/2019\/07\/logo-orthomanufacture-blanc.png","width":413,"height":40,"caption":"2022"},"image":{"@id":"https:\/\/www.orthomanufacture.com\/2022\/#\/schema\/logo\/image\/"}}]}},"coauthors":[],"author_meta":{"author_link":"https:\/\/www.orthomanufacture.com\/2022\/blog\/author\/ortho_imanufacture\/","display_name":"Les Imageurs"},"relative_dates":{"created":"Publi\u00e9 7 ans il y a","modified":"Mis \u00e0 jour 4 ans il y a"},"absolute_dates":{"created":"Publi\u00e9 le 27 mai 2019","modified":"Mise \u00e0 jour le 28 avril 2022"},"absolute_dates_time":{"created":"Publi\u00e9 le 27 mai 2019 14 h 27 min","modified":"Mise \u00e0 jour le 28 avril 2022 8 h 44 min"},"featured_img_caption":"","featured_img":false,"series_order":"","_links":{"self":[{"href":"https:\/\/www.orthomanufacture.com\/2022\/wp-json\/wp\/v2\/pages\/2849","targetHints":{"allow":["GET"]}}],"collection":[{"href":"https:\/\/www.orthomanufacture.com\/2022\/wp-json\/wp\/v2\/pages"}],"about":[{"href":"https:\/\/www.orthomanufacture.com\/2022\/wp-json\/wp\/v2\/types\/page"}],"author":[{"embeddable":true,"href":"https:\/\/www.orthomanufacture.com\/2022\/wp-json\/wp\/v2\/users\/1"}],"replies":[{"embeddable":true,"href":"https:\/\/www.orthomanufacture.com\/2022\/wp-json\/wp\/v2\/comments?post=2849"}],"version-history":[{"count":0,"href":"https:\/\/www.orthomanufacture.com\/2022\/wp-json\/wp\/v2\/pages\/2849\/revisions"}],"wp:attachment":[{"href":"https:\/\/www.orthomanufacture.com\/2022\/wp-json\/wp\/v2\/media?parent=2849"}],"curies":[{"name":"wp","href":"https:\/\/api.w.org\/{rel}","templated":true}]}}