{"id":2874,"date":"2019-05-27T14:35:35","date_gmt":"2019-05-27T12:35:35","guid":{"rendered":"https:\/\/www.orthomanufacture.com\/2020\/?page_id=2874"},"modified":"2020-04-29T14:46:54","modified_gmt":"2020-04-29T12:46:54","slug":"infos-pratiques","status":"publish","type":"page","link":"https:\/\/www.orthomanufacture.com\/2020\/fr\/infos-pratiques\/","title":{"rendered":"Infos Pratiques"},"content":{"rendered":"\n<p>Le salon et les conf\u00e9rences se tiendront au Palais des Congr\u00e8s CTS de Bienne  &#8211; Rue Centrale 60, 2501 Bienne, Suisse<\/p>\n\n\n\n<p>Dates : mercredi 28 avril 2021 de 8h30 \u00e0 18h et le jeudi 29 avril de 8h30 \u00e0 14h<\/p>\n\n\n\n<p>La soir\u00e9e conviviale aura lieu le 28 apr\u00e8s 18h. Le th\u00e8me n&rsquo;est pas encore d\u00e9cid\u00e9.<\/p>\n\n\n\n<p>Pour tout renseignement sur les prix , voir sur la page d\u2019accueil, bouton \u00ab\u00a0Inscription\u00a0\u00bb <\/p>\n\n\n\n<div class=\"wp-block-columns has-3-columns is-layout-flex wp-container-core-columns-is-layout-9d6595d7 wp-block-columns-is-layout-flex\">\n<div class=\"wp-block-column is-layout-flow wp-block-column-is-layout-flow\">\n<div class=\"wp-block-image\"><figure class=\"aligncenter is-resized\"><img loading=\"lazy\" decoding=\"async\" src=\"https:\/\/www.orthomanufacture.com\/2020\/wp-content\/uploads\/sites\/7\/2019\/10\/BIENNE-1.png\" alt=\"\" class=\"wp-image-3442\" width=\"224\" height=\"105\" srcset=\"https:\/\/www.orthomanufacture.com\/2020\/wp-content\/uploads\/sites\/7\/2019\/10\/BIENNE-1.png 772w, https:\/\/www.orthomanufacture.com\/2020\/wp-content\/uploads\/sites\/7\/2019\/10\/BIENNE-1-300x141.png 300w, https:\/\/www.orthomanufacture.com\/2020\/wp-content\/uploads\/sites\/7\/2019\/10\/BIENNE-1-768x360.png 768w, https:\/\/www.orthomanufacture.com\/2020\/wp-content\/uploads\/sites\/7\/2019\/10\/BIENNE-1-600x281.png 600w\" sizes=\"auto, (max-width: 224px) 100vw, 224px\" \/><\/figure><\/div>\n\n\n\n<p><\/p>\n<\/div>\n\n\n\n<div class=\"wp-block-column is-layout-flow wp-block-column-is-layout-flow\">\n<div class=\"wp-block-image\"><figure class=\"aligncenter is-resized\"><img loading=\"lazy\" decoding=\"async\" src=\"https:\/\/www.orthomanufacture.com\/2020\/wp-content\/uploads\/sites\/7\/2019\/10\/PLAN-PALAIS-DES-CONGRES-1024x448.png\" alt=\"\" class=\"wp-image-3465\" width=\"242\" height=\"105\" \/><\/figure><\/div>\n<\/div>\n\n\n\n<div class=\"wp-block-column is-layout-flow wp-block-column-is-layout-flow\">\n<div class=\"wp-block-image\"><figure class=\"aligncenter is-resized\"><img loading=\"lazy\" decoding=\"async\" src=\"https:\/\/www.orthomanufacture.com\/2020\/wp-content\/uploads\/sites\/7\/2019\/10\/PLAN-PALAIS-DES-CONGRES-2-1024x422.png\" alt=\"\" class=\"wp-image-3464\" width=\"255\" height=\"105\" \/><\/figure><\/div>\n<\/div>\n<\/div>\n\n\n\n<p>Pour ceux qui le souhaitent, voici 3 h\u00f4tels possibles. Nous n&rsquo;avons pas d&rsquo;accord particulier avec ceux-ci, vous pouvez donc \u00e9galement regarder sur des sites h\u00f4teliers.<\/p>\n\n\n\n<p>Hotel Elite&nbsp; www.elit-biel-com\/en\/<\/p>\n\n\n\n<p>Hotel Mercure Plaza www.all.accor.com\/hotel\/<\/p>\n\n\n\n<p>City Hotel Biel www.cityhotel-biel.ch\/<\/p>\n","protected":false},"excerpt":{"rendered":"<p>Le salon et les conf\u00e9rences se tiendront au Palais des Congr\u00e8s CTS de Bienne &#8211; Rue Centrale 60, 2501 Bienne, Suisse Dates : mercredi 28 avril 2021 de 8h30 \u00e0 18h et le jeudi 29 avril de 8h30 \u00e0 14h La soir\u00e9e conviviale aura lieu le 28 apr\u00e8s 18h. Le th\u00e8me n&rsquo;est pas encore d\u00e9cid\u00e9. [&hellip;]<\/p>\n","protected":false},"author":1,"featured_media":0,"parent":0,"menu_order":8,"comment_status":"closed","ping_status":"closed","template":"page.php","meta":{"footnotes":""},"class_list":["post-2874","page","type-page","status-publish","hentry"],"acf":[],"featured_image_urls_v2":{"full":"","thumbnail":"","medium":"","medium_large":"","large":"","1536x1536":"","2048x2048":""},"post_excerpt_stackable_v2":"<p>Le salon et les conf\u00e9rences se tiendront au Palais des Congr\u00e8s CTS de Bienne &#8211; Rue Centrale 60, 2501 Bienne, Suisse Dates : mercredi 28 avril 2021 de 8h30 \u00e0 18h et le jeudi 29 avril de 8h30 \u00e0 14h La soir\u00e9e conviviale aura lieu le 28 apr\u00e8s 18h. Le th\u00e8me n&rsquo;est pas encore d\u00e9cid\u00e9. Pour tout renseignement sur les prix , voir sur la page d\u2019accueil, bouton \u00ab\u00a0Inscription\u00a0\u00bb Pour ceux qui le souhaitent, voici 3 h\u00f4tels possibles. Nous n&rsquo;avons pas d&rsquo;accord particulier avec ceux-ci, vous pouvez donc \u00e9galement regarder sur des sites h\u00f4teliers. Hotel Elite&nbsp; www.elit-biel-com\/en\/ Hotel Mercure Plaza\u2026<\/p>\n","category_list_v2":"","author_info_v2":{"name":"Les Imageurs","url":"https:\/\/www.orthomanufacture.com\/2020\/blog\/author\/ortho_imanufacture\/"},"comments_num_v2":"0 commentaire","_links":{"self":[{"href":"https:\/\/www.orthomanufacture.com\/2020\/wp-json\/wp\/v2\/pages\/2874","targetHints":{"allow":["GET"]}}],"collection":[{"href":"https:\/\/www.orthomanufacture.com\/2020\/wp-json\/wp\/v2\/pages"}],"about":[{"href":"https:\/\/www.orthomanufacture.com\/2020\/wp-json\/wp\/v2\/types\/page"}],"author":[{"embeddable":true,"href":"https:\/\/www.orthomanufacture.com\/2020\/wp-json\/wp\/v2\/users\/1"}],"replies":[{"embeddable":true,"href":"https:\/\/www.orthomanufacture.com\/2020\/wp-json\/wp\/v2\/comments?post=2874"}],"version-history":[{"count":0,"href":"https:\/\/www.orthomanufacture.com\/2020\/wp-json\/wp\/v2\/pages\/2874\/revisions"}],"wp:attachment":[{"href":"https:\/\/www.orthomanufacture.com\/2020\/wp-json\/wp\/v2\/media?parent=2874"}],"curies":[{"name":"wp","href":"https:\/\/api.w.org\/{rel}","templated":true}]}}

<p>Le salon et les conférences se tiendront au Palais des Congrès CTS de Bienne  &#8211; Rue Centrale 60, 2501 Bienne, Suisse</p>



<p>Dates : mercredi 28 avril 2021 de 8h30 à 18h et le jeudi 29 avril de 8h30 à 14h</p>



<p>La soirée conviviale aura lieu le 28 après 18h. Le thème n&rsquo;est pas encore décidé.</p>



<p>Pour tout renseignement sur les prix , voir sur la page d’accueil, bouton « Inscription » </p>



<div class="wp-block-columns has-3-columns is-layout-flex wp-container-core-columns-is-layout-9d6595d7 wp-block-columns-is-layout-flex">
<div class="wp-block-column is-layout-flow wp-block-column-is-layout-flow">
<div class="wp-block-image"><figure class="aligncenter is-resized"><img loading="lazy" decoding="async" src="https://www.orthomanufacture.com/2020/wp-content/uploads/sites/7/2019/10/BIENNE-1.png" alt="" class="wp-image-3442" width="224" height="105" srcset="https://www.orthomanufacture.com/2020/wp-content/uploads/sites/7/2019/10/BIENNE-1.png 772w, https://www.orthomanufacture.com/2020/wp-content/uploads/sites/7/2019/10/BIENNE-1-300x141.png 300w, https://www.orthomanufacture.com/2020/wp-content/uploads/sites/7/2019/10/BIENNE-1-768x360.png 768w, https://www.orthomanufacture.com/2020/wp-content/uploads/sites/7/2019/10/BIENNE-1-600x281.png 600w" sizes="auto, (max-width: 224px) 100vw, 224px" /></figure></div>



<p></p>
</div>



<div class="wp-block-column is-layout-flow wp-block-column-is-layout-flow">
<div class="wp-block-image"><figure class="aligncenter is-resized"><img loading="lazy" decoding="async" src="https://www.orthomanufacture.com/2020/wp-content/uploads/sites/7/2019/10/PLAN-PALAIS-DES-CONGRES-1024x448.png" alt="" class="wp-image-3465" width="242" height="105" /></figure></div>
</div>



<div class="wp-block-column is-layout-flow wp-block-column-is-layout-flow">
<div class="wp-block-image"><figure class="aligncenter is-resized"><img loading="lazy" decoding="async" src="https://www.orthomanufacture.com/2020/wp-content/uploads/sites/7/2019/10/PLAN-PALAIS-DES-CONGRES-2-1024x422.png" alt="" class="wp-image-3464" width="255" height="105" /></figure></div>
</div>
</div>



<p>Pour ceux qui le souhaitent, voici 3 hôtels possibles. Nous n&rsquo;avons pas d&rsquo;accord particulier avec ceux-ci, vous pouvez donc également regarder sur des sites hôteliers.</p>



<p>Hotel Elite&nbsp; www.elit-biel-com/en/</p>



<p>Hotel Mercure Plaza www.all.accor.com/hotel/</p>



<p>City Hotel Biel www.cityhotel-biel.ch/</p>

<p>Le salon et les conférences se tiendront au Palais des Congrès CTS de Bienne &#8211; Rue Centrale 60, 2501 Bienne, Suisse Dates : mercredi 28 avril 2021 de 8h30 à 18h et le jeudi 29 avril de 8h30 à 14h La soirée conviviale aura lieu le 28 après 18h. Le thème n&rsquo;est pas encore décidé. [&hellip;]</p>

<p>Le salon et les conférences se tiendront au Palais des Congrès CTS de Bienne &#8211; Rue Centrale 60, 2501 Bienne, Suisse Dates : mercredi 28 avril 2021 de 8h30 à 18h et le jeudi 29 avril de 8h30 à 14h La soirée conviviale aura lieu le 28 après 18h. Le thème n&rsquo;est pas encore décidé. Pour tout renseignement sur les prix , voir sur la page d’accueil, bouton « Inscription » Pour ceux qui le souhaitent, voici 3 hôtels possibles. Nous n&rsquo;avons pas d&rsquo;accord particulier avec ceux-ci, vous pouvez donc également regarder sur des sites hôteliers. Hotel Elite&nbsp; www.elit-biel-com/en/ Hotel Mercure Plaza…</p>
